{"id":2030,"date":"2024-01-23T08:43:12","date_gmt":"2024-01-23T08:43:12","guid":{"rendered":"https:\/\/lead.uab.pt\/adic\/?page_id=2030"},"modified":"2024-04-09T12:12:09","modified_gmt":"2024-04-09T11:12:09","slug":"arquivo-ssess-he","status":"publish","type":"page","link":"https:\/\/lead.uab.pt\/adic\/arquivo-ssess-he\/","title":{"rendered":"Arquivo @ssess.he"},"content":{"rendered":"\n<p>Projeto Avalia\u00e7\u00e3o e eLearning no Ensino Superior &#8211; @ssess.he (PTDC\/CPE-CED\/104373\/2008)<\/p>\n\n\n\n<p>O projeto, integrado no LE@D, visou estudar as estrat\u00e9gias de avalia\u00e7\u00e3o digital, adequadas e v\u00e1lidas aos ambientes virtuais de aprendizagem no Ensino Superior, contribuindo para a clarifica\u00e7\u00e3o de processos e visando a defini\u00e7\u00e3o de indicadores que garantam a sua autenticidade e validade na avalia\u00e7\u00e3o de compet\u00eancias em contextos de elearning.<\/p>\n\n\n\n<p>Teve origem em investiga\u00e7\u00f5es realizadas por investigadores do LE@D sobre as compet\u00eancias em avalia\u00e7\u00e3o cont\u00ednua online em cursos de licenciatura e sobre a avalia\u00e7\u00e3o do trabalho de grupo em cursos online de p\u00f3s-gradua\u00e7\u00e3o, estudos conduzidos em 2007 e 2008.<\/p>\n\n\n\n<p>\u00a0A partir destas investiga\u00e7\u00f5es, foi delineado um projeto sobre avalia\u00e7\u00e3o digital, mas alargando o \u00e2mbito a cursos blended-learning ou em regime presencial enriquecido com as tecnologias. Especificamente, nesta fase, o projeto focou-se no estudo das estrat\u00e9gias de avalia\u00e7\u00e3o digital, adequadas e v\u00e1lidas aos ambientes virtuais de aprendizagem no Ensino Superior, contribuindo para a clarifica\u00e7\u00e3o de processos e visando a defini\u00e7\u00e3o de indicadores que garantam a sua autenticidade e validade na avalia\u00e7\u00e3o de compet\u00eancias em contextos de elearning \u2013\u00a0<em>eLearning e Avalia\u00e7\u00e3o no Ensino Superior <\/em>&#8211; <em><a href=\"https:\/\/assesssite.wordpress.com\/\">Projeto assess.he<\/a><\/em>. \u00a0Este projeto foi financiado pela FCT e decorreu entre 2010 e 2013 (PTDC\/CPE-CED\/104373\/2008), tendo algumas atividades sido prolongadas at\u00e9 2016. <\/p>\n\n\n\n<p>No \u00e2mbito deste projeto, foi feita uma revis\u00e3o abrangente da literatura, a qual articulada com dados de investiga\u00e7\u00e3o, foi objeto de uma profunda reflex\u00e3o, tendo-se delineado uma matriz concetual que deu origem ao modelo PrACT.<\/p>\n\n\n\n<p><\/p>\n\n\n\n<p><\/p>\n","protected":false},"excerpt":{"rendered":"Projeto Avalia\u00e7\u00e3o e eLearning no Ensino Superior &#8211; @ssess.he (PTDC\/CPE-CED\/104373\/2008) O projeto, integrado no LE@D, visou estudar as estrat\u00e9gias de avalia\u00e7\u00e3o digital, adequadas e v\u00e1lidas aos ambientes virtuais de aprendizagem no Ensino Superior, contribuindo para a clarifica\u00e7\u00e3o de processos e visando a defini\u00e7\u00e3o de indicadores que garantam a sua autenticidade e validade na avalia\u00e7\u00e3o de [&hellip;]","protected":false},"author":8,"featured_media":0,"parent":0,"menu_order":0,"comment_status":"closed","ping_status":"closed","template":"","meta":{"footnotes":""},"class_list":["post-2030","page","type-page","status-publish","hentry"],"_links":{"self":[{"href":"https:\/\/lead.uab.pt\/adic\/wp-json\/wp\/v2\/pages\/2030","targetHints":{"allow":["GET"]}}],"collection":[{"href":"https:\/\/lead.uab.pt\/adic\/wp-json\/wp\/v2\/pages"}],"about":[{"href":"https:\/\/lead.uab.pt\/adic\/wp-json\/wp\/v2\/types\/page"}],"author":[{"embeddable":true,"href":"https:\/\/lead.uab.pt\/adic\/wp-json\/wp\/v2\/users\/8"}],"replies":[{"embeddable":true,"href":"https:\/\/lead.uab.pt\/adic\/wp-json\/wp\/v2\/comments?post=2030"}],"version-history":[{"count":9,"href":"https:\/\/lead.uab.pt\/adic\/wp-json\/wp\/v2\/pages\/2030\/revisions"}],"predecessor-version":[{"id":2200,"href":"https:\/\/lead.uab.pt\/adic\/wp-json\/wp\/v2\/pages\/2030\/revisions\/2200"}],"wp:attachment":[{"href":"https:\/\/lead.uab.pt\/adic\/wp-json\/wp\/v2\/media?parent=2030"}],"curies":[{"name":"wp","href":"https:\/\/api.w.org\/{rel}","templated":true}]}}