{"id":2286,"date":"2024-11-14T10:40:30","date_gmt":"2024-11-14T10:40:30","guid":{"rendered":"https:\/\/lead.uab.pt\/adic\/?page_id=2286"},"modified":"2024-11-14T10:40:30","modified_gmt":"2024-11-14T10:40:30","slug":"estagios-de-investigacao-de-doutoramento","status":"publish","type":"page","link":"https:\/\/lead.uab.pt\/adic\/estagios-de-investigacao-de-doutoramento\/","title":{"rendered":"Est\u00e1gios de investiga\u00e7\u00e3o de doutoramento"},"content":{"rendered":"\n<p>Midiele Dantas Gomes Rios &#8211;<em>\u00a0 Uma an\u00e1lise do material curricular Caderno da Realidade como instrumento da Pedagogia da Altern\u00e2ncia sob uma perspectiva matem\u00e1tica (<\/em>de\u00a0outubro de 2024 a mar\u00e7o de 2025).<\/p>\n\n\n\n<p>\u00a0Pietro Matheus Bompet Fontoura Alves, &#8211;\u00a0 <em>Avalia\u00e7\u00e3o para Aprendizagem na Forma\u00e7\u00e3o de Professores\/as em Portugal: interst\u00edcios did\u00e1tico-pol\u00edtico-pedag\u00f3gicos<\/em> \u00a0 Novembro de 2024 a abril de 2025.<\/p>\n\n\n\n<p>Renata Kelly de Souza Ara\u00fajo &#8211;\u00a0<em>Avalia\u00e7\u00e3o da Aprendizagem na Educa\u00e7\u00e3o Online. Construindo elementos para um avaliar interativo-mediador<\/em>\u201d\u00a0realizou\u00a0o programa intercalar de doutoramento no LE@D, Universidade Aberta, entre abril e julho de 2017. (tese defendida em maio de 2019). \u00a0<a href=\"https:\/\/repositorio.ufpe.br\/handle\/123456789\/34528\" target=\"_blank\" rel=\"noreferrer noopener\">https:\/\/repositorio.ufpe.br\/handle\/123456789\/34528<\/a>.<\/p>\n\n\n\n<p>\u00a0<\/p>\n\n\n\n<p><\/p>\n","protected":false},"excerpt":{"rendered":"Midiele Dantas Gomes Rios &#8211;\u00a0 Uma an\u00e1lise do material curricular Caderno da Realidade como instrumento da Pedagogia da Altern\u00e2ncia sob uma perspectiva matem\u00e1tica (de\u00a0outubro de 2024 a mar\u00e7o de 2025). \u00a0Pietro Matheus Bompet Fontoura Alves, &#8211;\u00a0 Avalia\u00e7\u00e3o para Aprendizagem na Forma\u00e7\u00e3o de Professores\/as em Portugal: interst\u00edcios did\u00e1tico-pol\u00edtico-pedag\u00f3gicos \u00a0 Novembro de 2024 a abril de 2025. [&hellip;]","protected":false},"author":8,"featured_media":0,"parent":0,"menu_order":0,"comment_status":"closed","ping_status":"closed","template":"","meta":{"footnotes":""},"class_list":["post-2286","page","type-page","status-publish","hentry"],"_links":{"self":[{"href":"https:\/\/lead.uab.pt\/adic\/wp-json\/wp\/v2\/pages\/2286","targetHints":{"allow":["GET"]}}],"collection":[{"href":"https:\/\/lead.uab.pt\/adic\/wp-json\/wp\/v2\/pages"}],"about":[{"href":"https:\/\/lead.uab.pt\/adic\/wp-json\/wp\/v2\/types\/page"}],"author":[{"embeddable":true,"href":"https:\/\/lead.uab.pt\/adic\/wp-json\/wp\/v2\/users\/8"}],"replies":[{"embeddable":true,"href":"https:\/\/lead.uab.pt\/adic\/wp-json\/wp\/v2\/comments?post=2286"}],"version-history":[{"count":1,"href":"https:\/\/lead.uab.pt\/adic\/wp-json\/wp\/v2\/pages\/2286\/revisions"}],"predecessor-version":[{"id":2287,"href":"https:\/\/lead.uab.pt\/adic\/wp-json\/wp\/v2\/pages\/2286\/revisions\/2287"}],"wp:attachment":[{"href":"https:\/\/lead.uab.pt\/adic\/wp-json\/wp\/v2\/media?parent=2286"}],"curies":[{"name":"wp","href":"https:\/\/api.w.org\/{rel}","templated":true}]}}