{"id":139,"date":"2022-10-19T22:41:51","date_gmt":"2022-10-19T22:41:51","guid":{"rendered":"https:\/\/sites.uab.pt\/congresso-humanidades\/?page_id=139"},"modified":"2024-11-07T10:05:17","modified_gmt":"2024-11-07T10:05:17","slug":"projeto","status":"publish","type":"page","link":"https:\/\/lead.uab.pt\/digender2palop\/","title":{"rendered":"Projeto"},"content":{"rendered":"\n<div class=\"wp-block-columns is-layout-flex wp-container-core-columns-is-layout-6 wp-block-columns-is-layout-flex\">\n<div class=\"wp-block-column is-layout-flow wp-block-column-is-layout-flow\">\n<div class=\"wp-block-columns is-layout-flex wp-container-core-columns-is-layout-5 wp-block-columns-is-layout-flex\">\n<div class=\"wp-block-column is-vertically-aligned-stretch is-layout-flow wp-block-column-is-layout-flow\">\n<figure class=\"wp-block-image aligncenter size-full is-resized\"><img loading=\"lazy\" decoding=\"async\" width=\"1024\" height=\"819\" src=\"https:\/\/lead.uab.pt\/digender2palop\/wp-content\/uploads\/sites\/30\/2024\/07\/image.png\" alt=\"\" class=\"wp-image-2137\" style=\"width:422px;height:auto\" srcset=\"https:\/\/lead.uab.pt\/digender2palop\/wp-content\/uploads\/sites\/30\/2024\/07\/image.png 1024w, https:\/\/lead.uab.pt\/digender2palop\/wp-content\/uploads\/sites\/30\/2024\/07\/image-300x240.png 300w, https:\/\/lead.uab.pt\/digender2palop\/wp-content\/uploads\/sites\/30\/2024\/07\/image-768x614.png 768w\" sizes=\"auto, (max-width: 1024px) 100vw, 1024px\" \/><\/figure>\n\n\n\n<p class=\"has-medium-font-size\"><\/p>\n\n\n\n<div class=\"wp-block-columns is-layout-flex wp-container-core-columns-is-layout-1 wp-block-columns-is-layout-flex\">\n<div class=\"wp-block-column is-layout-flow wp-block-column-is-layout-flow\">\n<p><strong>Promo\u00e7\u00e3o: <\/strong>A entidade financiadora desta iniciativa \u00e9 o Instituto da Coopera\u00e7\u00e3o e da L\u00edngua, I.P. em parceria com a Universidade Aberta no \u00e2mbito do&nbsp; Laborat\u00f3rio de Educa\u00e7\u00e3o a Dist\u00e2ncia e e-Learning.<\/p>\n<\/div>\n\n\n\n<div class=\"wp-block-column is-layout-flow wp-block-column-is-layout-flow\">\n<p><strong>Promotion: <\/strong>The financing entity for this initiative is Instituto da Coopera\u00e7\u00e3o e da L\u00edngua, I.P. in partnership with Universidade Aberta within the scope of Laborat\u00f3rio de Educa\u00e7\u00e3o a Dist\u00e2ncia e e-Learning.<\/p>\n<\/div>\n<\/div>\n\n\n\n<figure class=\"wp-block-image aligncenter size-full is-resized\"><img loading=\"lazy\" decoding=\"async\" width=\"788\" height=\"152\" src=\"https:\/\/lead.uab.pt\/digender2palop\/wp-content\/uploads\/sites\/30\/2024\/07\/image-1.png\" alt=\"\" class=\"wp-image-2138\" style=\"width:433px;height:auto\" srcset=\"https:\/\/lead.uab.pt\/digender2palop\/wp-content\/uploads\/sites\/30\/2024\/07\/image-1.png 788w, https:\/\/lead.uab.pt\/digender2palop\/wp-content\/uploads\/sites\/30\/2024\/07\/image-1-300x58.png 300w, https:\/\/lead.uab.pt\/digender2palop\/wp-content\/uploads\/sites\/30\/2024\/07\/image-1-768x148.png 768w\" sizes=\"auto, (max-width: 788px) 100vw, 788px\" \/><\/figure>\n\n\n\n<div class=\"wp-block-columns is-layout-flex wp-container-core-columns-is-layout-2 wp-block-columns-is-layout-flex\">\n<div class=\"wp-block-column is-layout-flow wp-block-column-is-layout-flow\">\n<p><strong>Coordena\u00e7\u00e3o: <\/strong>Universidade Aberta<\/p>\n\n\n\n<p><strong>Data de In\u00edcio: <\/strong>2024-04-01<\/p>\n<\/div>\n\n\n\n<div class=\"wp-block-column is-layout-flow wp-block-column-is-layout-flow\">\n<p><strong>Coordination<\/strong>: Universidade Aberta<\/p>\n\n\n\n<p><strong>Start Date:<\/strong> 2024-04-01<\/p>\n<\/div>\n<\/div>\n\n\n\n<div class=\"wp-block-columns is-layout-flex wp-container-core-columns-is-layout-3 wp-block-columns-is-layout-flex\">\n<div class=\"wp-block-column is-layout-flow wp-block-column-is-layout-flow\">\n<p><strong>Data de Fim: <\/strong>2025-03-31<\/p>\n<\/div>\n\n\n\n<div class=\"wp-block-column is-layout-flow wp-block-column-is-layout-flow\">\n<p><strong>End Date:<\/strong> 2025-03-31<\/p>\n<\/div>\n<\/div>\n\n\n\n<div class=\"wp-block-columns is-layout-flex wp-container-core-columns-is-layout-4 wp-block-columns-is-layout-flex\">\n<div class=\"wp-block-column is-layout-flow wp-block-column-is-layout-flow\">\n<p><strong>Eixo tem\u00e1tico:<\/strong> Educa\u00e7\u00e3o, Tecnologias e Igualdade de G\u00e9nero<\/p>\n\n\n\n<p><strong>Objetivo geral:<\/strong> Trabalhar as compet\u00eancias digitais na escola para promover a igualdade de g\u00e9nero em pa\u00edses lus\u00f3fonos africanos.<\/p>\n\n\n\n<p><strong>Objetivos espec\u00edficos<\/strong>:<\/p>\n\n\n\n<ul class=\"wp-block-list\">\n<li>Mapear as compet\u00eancias digitais inclu\u00eddas nas pr\u00e1ticas pedag\u00f3gicas dos professores; <\/li>\n\n\n\n<li>Caraterizar as pr\u00e1ticas pedag\u00f3gicas promotoras da igualdade de g\u00e9nero desenvolvidas por esses professores;<\/li>\n\n\n\n<li>Identificar o potencial de pr\u00e1ticas pedag\u00f3gicas pensadas para desenvolver compet\u00eancias digitais, como sendo igualmente promotoras de igualdade de g\u00e9nero;<\/li>\n\n\n\n<li>Associar o trabalho de ag\u00eancia curricular dos professores ao desenvolvimento simult\u00e2neo de compet\u00eancias digitais;<\/li>\n\n\n\n<li>Promover o estabelecimento e alargamento das redes de influ\u00eancia formadora dos ex-estudantes da Universidade Aberta.<\/li>\n<\/ul>\n\n\n\n<p><\/p>\n\n\n\n<p><strong>Palavras-chave:<\/strong> Igualdade de G\u00e9nero, Compet\u00eancias Digitais, Pr\u00e1ticas Pedag\u00f3gicas, Educa\u00e7\u00e3o, Pa\u00edses Lus\u00f3fonos<\/p>\n\n\n\n<p><strong>Resumo:<\/strong> O projeto trata de um estudo que prop\u00f5e trabalhar as compet\u00eancias digitais na escola para promover a igualdade de g\u00e9nero em pa\u00edses lus\u00f3fonos africanos e est\u00e1 em curso em Angola, Cabo Verde e Guin\u00e9-Bissau.<\/p>\n\n\n\n<p>A globaliza\u00e7\u00e3o e mais recentemente a&nbsp; pandemia do COVID 19, entre outras circunst\u00e2ncias que estruturam a contemporaneidade, t\u00eam vindo a refor\u00e7ar, mesmo entre os mais c\u00e9ticos, a import\u00e2ncia da digitaliza\u00e7\u00e3o no acesso ao conhecimento, na estrutura\u00e7\u00e3o das atividades produtivas, na organiza\u00e7\u00e3o social. Dito de outro modo, o digital reconfigurou o modo como comunicamos, como nos relacionamos com os outros,&nbsp; como agimos, como trabalhamos, como asseguramos as necessidades b\u00e1sicas, e as que o n\u00e3o s\u00e3o tanto, enfim, configurou , o que somos.&nbsp; Em alguns casos, os efeitos da digitaliza\u00e7\u00e3o vieram refor\u00e7ar desigualdades antigas, nomeadamente de g\u00e9nero. Em contextos onde o acesso \u00e0 internet \u00e9 limitado, ou os dispositivos tecnol\u00f3gicos ainda n\u00e3o existem para todos, faz sentido estudar os modos como os processos de capacita\u00e7\u00e3o digital podem ser agentes promotores de igualdade de g\u00e9nero.<\/p>\n\n\n\n<p>O presente estudo pretende contribuir para a igualdade de g\u00e9nero por via do desenvolvimento das compet\u00eancias digitais e de pr\u00e1ticas pedag\u00f3gicas consistentes, em Cabo Verde, Guin\u00e9-Bissau e em Angola. Para isso prop\u00f5e-se estudar as pr\u00e1ticas pedag\u00f3gicas de professores desses pa\u00edses, planeadas para promover as compet\u00eancias digitais dos seus estudantes, e promotoras da igualdade de g\u00e9nero entre meninos e meninas e entre rapazes e raparigas. O estudo prop\u00f5e-se ainda discutir com alguns desses professores novas formas de desenvolver o curr\u00edculo escolar de modo a promover a igualdade de g\u00e9nero, desenvolvendo as compet\u00eancias digitais.<\/p>\n<\/div>\n\n\n\n<div class=\"wp-block-column is-layout-flow wp-block-column-is-layout-flow\">\n<p><strong>Thematic axis: <\/strong>Education, Technologies and Gender Equality<\/p>\n\n\n\n<p><strong>Main goal:<\/strong> Work on digital skills at school to promote gender equality in Portuguese-speaking African countries.<\/p>\n\n\n\n<p><strong>Specific goals:<\/strong><\/p>\n\n\n\n<ul class=\"wp-block-list\">\n<li>Map the digital skills included in teachers\u2019 pedagogical practices;<\/li>\n<\/ul>\n\n\n\n<ul class=\"wp-block-list\">\n<li>Characterize the pedagogical practices that promote gender equality developed by these teachers;<\/li>\n\n\n\n<li>Identify the potential of pedagogical practices designed to develop digital skills, as well as promoting gender equality;<\/li>\n\n\n\n<li>Associate teachers\u2019 curricular agency work with the simultaneous development of digital skills;<\/li>\n\n\n\n<li>Promote the establishment and expansion of networks of formative influence of former Open University students.<\/li>\n<\/ul>\n\n\n\n<p><\/p>\n\n\n\n<p><\/p>\n\n\n\n<p><\/p>\n\n\n\n<p><\/p>\n\n\n\n<p><strong>Keywords:<\/strong> Gender Equality, Digital Skills, Pedagogical Practices, Education, Lusophone Countries<\/p>\n\n\n\n<p><strong>Summary: <\/strong>The project is a study that proposes working on digital skills at school to promote gender equality in Portuguese-speaking African countries and is underway in Angola, Cape Verde and Guinea-Bissau.<\/p>\n\n\n\n<p><\/p>\n\n\n\n<p>Globalization and more recently the COVID 19 pandemic, among other circumstances that structure contemporary times, have reinforced, even among the most skeptical, the importance of digitalization in access to knowledge, in the structuring of productive activities, in social organization. In other words, digital has reconfigured the way we communicate, how we relate to others, how we act, how we work, how we ensure basic needs, and those that are not so much, in short, it has configured who we are. In some cases, the effects of digitalization have reinforced old inequalities, particularly gender. In contexts where internet access is limited, or technological devices do not yet exist for everyone, it makes sense to study the ways in which digital empowerment processes can be agents that promote gender equality.<\/p>\n\n\n\n<p>The present study aims to contribute to gender equality through the development of digital skills and consistent pedagogical practices, in Cape Verde, Guinea-Bissau and Angola. To this end, it is proposed to study the pedagogical practices of teachers in these countries, designed to promote the digital skills of their students, and promoting gender equality between boys and girls and between boys and girls. The study also proposes to discuss with some of these teachers new ways of developing the school curriculum in order to promote gender equality, developing digital skills.<\/p>\n<\/div>\n<\/div>\n\n\n\n<p class=\"has-medium-font-size\"><\/p>\n<\/div>\n<\/div>\n<\/div>\n<\/div>\n\n\n\n<figure class=\"wp-block-embed aligncenter is-type-video is-provider-youtube wp-block-embed-youtube wp-embed-aspect-16-9 wp-has-aspect-ratio\"><div class=\"wp-block-embed__wrapper\">\n<iframe loading=\"lazy\" title=\"Digender2PALOP\" width=\"500\" height=\"281\" src=\"https:\/\/www.youtube.com\/embed\/WZFCtCj6iak?feature=oembed\" frameborder=\"0\" allow=\"accelerometer; autoplay; clipboard-write; encrypted-media; gyroscope; picture-in-picture; web-share\" referrerpolicy=\"strict-origin-when-cross-origin\" allowfullscreen><\/iframe>\n<\/div><\/figure>\n","protected":false},"excerpt":{"rendered":"Promo\u00e7\u00e3o: A entidade financiadora desta iniciativa \u00e9 o Instituto da Coopera\u00e7\u00e3o e da L\u00edngua, I.P. em parceria com a Universidade Aberta no \u00e2mbito do&nbsp; Laborat\u00f3rio de Educa\u00e7\u00e3o a Dist\u00e2ncia e e-Learning. Promotion: The financing entity for this initiative is Instituto da Coopera\u00e7\u00e3o e da L\u00edngua, I.P. in partnership with Universidade Aberta within the scope of [&hellip;]","protected":false},"author":1,"featured_media":2127,"parent":0,"menu_order":10,"comment_status":"closed","ping_status":"closed","template":"","meta":{"footnotes":""},"class_list":["post-139","page","type-page","status-publish","has-post-thumbnail","hentry"],"_links":{"self":[{"href":"https:\/\/lead.uab.pt\/digender2palop\/wp-json\/wp\/v2\/pages\/139","targetHints":{"allow":["GET"]}}],"collection":[{"href":"https:\/\/lead.uab.pt\/digender2palop\/wp-json\/wp\/v2\/pages"}],"about":[{"href":"https:\/\/lead.uab.pt\/digender2palop\/wp-json\/wp\/v2\/types\/page"}],"author":[{"embeddable":true,"href":"https:\/\/lead.uab.pt\/digender2palop\/wp-json\/wp\/v2\/users\/1"}],"replies":[{"embeddable":true,"href":"https:\/\/lead.uab.pt\/digender2palop\/wp-json\/wp\/v2\/comments?post=139"}],"version-history":[{"count":19,"href":"https:\/\/lead.uab.pt\/digender2palop\/wp-json\/wp\/v2\/pages\/139\/revisions"}],"predecessor-version":[{"id":2276,"href":"https:\/\/lead.uab.pt\/digender2palop\/wp-json\/wp\/v2\/pages\/139\/revisions\/2276"}],"wp:featuredmedia":[{"embeddable":true,"href":"https:\/\/lead.uab.pt\/digender2palop\/wp-json\/wp\/v2\/media\/2127"}],"wp:attachment":[{"href":"https:\/\/lead.uab.pt\/digender2palop\/wp-json\/wp\/v2\/media?parent=139"}],"curies":[{"name":"wp","href":"https:\/\/api.w.org\/{rel}","templated":true}]}}