{"id":2214,"date":"2024-01-18T11:24:56","date_gmt":"2024-01-18T11:24:56","guid":{"rendered":"https:\/\/lead.uab.pt\/digithum\/?post_type=element&#038;p=2214"},"modified":"2024-01-25T11:17:01","modified_gmt":"2024-01-25T11:17:01","slug":"andreia-g-gomes-naime","status":"publish","type":"element","link":"https:\/\/lead.uab.pt\/digithum\/conhecer\/andreia-g-gomes-naime\/","title":{"rendered":"Andreia G. Gomes Naime"},"content":{"rendered":"\n<p>Mestre em Estudos de L\u00edngua Portuguesa pela Universidade Aberta de Lisboa, com disserta\u00e7\u00e3o intitulada &#8220;Agressividade e viol\u00eancia verbais nas mensagens das redes sociais: an\u00e1lise de intera\u00e7\u00f5es discursivas no Facebook &#8211; o caso das elei\u00e7\u00f5es presidenciais brasileiras de 2018&#8221;.<\/p>\n\n\n\n<p>Mestre em Engenharia da Produ\u00e7\u00e3o com \u00eanfase em Gest\u00e3o do Conhecimento pela Universidade Federal do Rio Grande do Sul com disserta\u00e7\u00e3o intitulada Gest\u00e3o do conhecimento: proposta de um modelo aplic\u00e1vel \u00e0s ag\u00eancias de correios<\/p>\n\n\n\n<p>Graduada em Administra\u00e7\u00e3o de Empresas e em LETRAS &#8211; Licenciatura Plena com habilita\u00e7\u00e3o em l\u00ednguas portuguesa, inglesa e respectivas literaturas pela Universidade Estadual do Cear\u00e1.&nbsp;<\/p>\n\n\n\n<p>P\u00f3s-graduanda em Lingu\u00edstica Aplicada pela Universidade Federal do Mato Grosso do Sul.<\/p>\n\n\n\n<p><\/p>\n\n\n\n<p>ORCID ID:\u00a0<a href=\"https:\/\/orcid.org\/0009-0001-6638-5957\" target=\"_blank\" rel=\"noreferrer noopener\">0009-0001-6638-5957<\/a><\/p>\n","protected":false},"excerpt":{"rendered":"Mestre em Estudos de L\u00edngua Portuguesa pela Universidade Aberta de Lisboa, com disserta\u00e7\u00e3o intitulada &#8220;Agressividade e viol\u00eancia verbais nas mensagens das redes sociais: an\u00e1lise de intera\u00e7\u00f5es discursivas no Facebook &#8211; o caso das elei\u00e7\u00f5es presidenciais brasileiras de 2018&#8221;. Mestre em Engenharia da Produ\u00e7\u00e3o com \u00eanfase em Gest\u00e3o do Conhecimento pela Universidade Federal do Rio Grande [&hellip;]","protected":false},"featured_media":2216,"parent":0,"template":"","group":[2,12],"affiliation":[5],"_links":{"self":[{"href":"https:\/\/lead.uab.pt\/digithum\/wp-json\/wp\/v2\/element\/2214","targetHints":{"allow":["GET"]}}],"collection":[{"href":"https:\/\/lead.uab.pt\/digithum\/wp-json\/wp\/v2\/element"}],"about":[{"href":"https:\/\/lead.uab.pt\/digithum\/wp-json\/wp\/v2\/types\/element"}],"wp:featuredmedia":[{"embeddable":true,"href":"https:\/\/lead.uab.pt\/digithum\/wp-json\/wp\/v2\/media\/2216"}],"wp:attachment":[{"href":"https:\/\/lead.uab.pt\/digithum\/wp-json\/wp\/v2\/media?parent=2214"}],"wp:term":[{"taxonomy":"group","embeddable":true,"href":"https:\/\/lead.uab.pt\/digithum\/wp-json\/wp\/v2\/group?post=2214"},{"taxonomy":"affiliation","embeddable":true,"href":"https:\/\/lead.uab.pt\/digithum\/wp-json\/wp\/v2\/affiliation?post=2214"}],"curies":[{"name":"wp","href":"https:\/\/api.w.org\/{rel}","templated":true}]}}

<p>Mestre em Estudos de Língua Portuguesa pela Universidade Aberta de Lisboa, com dissertação intitulada &#8220;Agressividade e violência verbais nas mensagens das redes sociais: análise de interações discursivas no Facebook &#8211; o caso das eleições presidenciais brasileiras de 2018&#8221;.</p>



<p>Mestre em Engenharia da Produção com ênfase em Gestão do Conhecimento pela Universidade Federal do Rio Grande do Sul com dissertação intitulada Gestão do conhecimento: proposta de um modelo aplicável às agências de correios</p>



<p>Graduada em Administração de Empresas e em LETRAS &#8211; Licenciatura Plena com habilitação em línguas portuguesa, inglesa e respectivas literaturas pela Universidade Estadual do Ceará.&nbsp;</p>



<p>Pós-graduanda em Linguística Aplicada pela Universidade Federal do Mato Grosso do Sul.</p>



<p></p>



<p>ORCID ID: <a href="https://orcid.org/0009-0001-6638-5957" target="_blank" rel="noreferrer noopener">0009-0001-6638-5957</a></p>

Mestre em Estudos de Língua Portuguesa pela Universidade Aberta de Lisboa, com dissertação intitulada &#8220;Agressividade e violência verbais nas mensagens das redes sociais: análise de interações discursivas no Facebook &#8211; o caso das eleições presidenciais brasileiras de 2018&#8221;. Mestre em Engenharia da Produção com ênfase em Gestão do Conhecimento pela Universidade Federal do Rio Grande [&hellip;]
