{"id":2248,"date":"2024-01-29T13:06:10","date_gmt":"2024-01-29T13:06:10","guid":{"rendered":"https:\/\/lead.uab.pt\/digithum\/?post_type=element&#038;p=2248"},"modified":"2024-01-30T22:27:21","modified_gmt":"2024-01-30T22:27:21","slug":"margarida-santos-alpalhao","status":"publish","type":"element","link":"https:\/\/lead.uab.pt\/digithum\/conhecer\/margarida-santos-alpalhao\/","title":{"rendered":"Margarida Santos Alpalh\u00e3o"},"content":{"rendered":"\n<p>Lecionou na Universidade da Proven\u00e7a (Aix-en-Provence &#8211; Fran\u00e7a), nos Ensinos B\u00e1sico e Secund\u00e1rio, e \u00e9 atualmente tamb\u00e9m Professora Auxiliar Convidada na Universidade Aberta &#8211; Departamento de Humanidades. Investigadora integrada no IELT (Instituto de Estudos de Literatura e Tradi\u00e7\u00e3o, da NOVA-FCSH) e respetivo polo na UAb.&nbsp;<\/p>\n\n\n\n<p>\u00c9 doutorada em L\u00ednguas e Literaturas Rom\u00e2nicas, especialidade de Literaturas Rom\u00e2nicas Comparadas, tem desenvolvido investiga\u00e7\u00e3o sobre a Idade M\u00e9dia e o Renascimento ib\u00e9rico, bem como sobre a Personagem e a Leitura. Revela prefer\u00eancia pela Edi\u00e7\u00e3o Textual, os Estudos sobre o Imagin\u00e1rio e as Humanidades Digitais.<\/p>\n\n\n\n<p><\/p>\n\n\n\n<p>ORCID ID:\u00a0<a href=\"https:\/\/orcid.org\/0000-0003-0803-4769\" target=\"_blank\" rel=\"noreferrer noopener\">0000-0003-0803-4769<\/a><\/p>\n\n\n\n<p>CI\u00caNCIA ID:\u00a0<a href=\"https:\/\/www.cienciavitae.pt\/5017-6C38-DADD\" target=\"_blank\" rel=\"noreferrer noopener\">5017-6C38-DADD<\/a><\/p>\n","protected":false},"excerpt":{"rendered":"Lecionou na Universidade da Proven\u00e7a (Aix-en-Provence &#8211; Fran\u00e7a), nos Ensinos B\u00e1sico e Secund\u00e1rio, e \u00e9 atualmente tamb\u00e9m Professora Auxiliar Convidada na Universidade Aberta &#8211; Departamento de Humanidades. Investigadora integrada no IELT (Instituto de Estudos de Literatura e Tradi\u00e7\u00e3o, da NOVA-FCSH) e respetivo polo na UAb.&nbsp; \u00c9 doutorada em L\u00ednguas e Literaturas Rom\u00e2nicas, especialidade de Literaturas [&hellip;]","protected":false},"featured_media":2249,"parent":0,"template":"","group":[2],"affiliation":[5],"_links":{"self":[{"href":"https:\/\/lead.uab.pt\/digithum\/wp-json\/wp\/v2\/element\/2248","targetHints":{"allow":["GET"]}}],"collection":[{"href":"https:\/\/lead.uab.pt\/digithum\/wp-json\/wp\/v2\/element"}],"about":[{"href":"https:\/\/lead.uab.pt\/digithum\/wp-json\/wp\/v2\/types\/element"}],"wp:featuredmedia":[{"embeddable":true,"href":"https:\/\/lead.uab.pt\/digithum\/wp-json\/wp\/v2\/media\/2249"}],"wp:attachment":[{"href":"https:\/\/lead.uab.pt\/digithum\/wp-json\/wp\/v2\/media?parent=2248"}],"wp:term":[{"taxonomy":"group","embeddable":true,"href":"https:\/\/lead.uab.pt\/digithum\/wp-json\/wp\/v2\/group?post=2248"},{"taxonomy":"affiliation","embeddable":true,"href":"https:\/\/lead.uab.pt\/digithum\/wp-json\/wp\/v2\/affiliation?post=2248"}],"curies":[{"name":"wp","href":"https:\/\/api.w.org\/{rel}","templated":true}]}}

Margarida Santos Alpalhão

<p>Lecionou na Universidade da Provença (Aix-en-Provence &#8211; França), nos Ensinos Básico e Secundário, e é atualmente também Professora Auxiliar Convidada na Universidade Aberta &#8211; Departamento de Humanidades. Investigadora integrada no IELT (Instituto de Estudos de Literatura e Tradição, da NOVA-FCSH) e respetivo polo na UAb.&nbsp;</p>



<p>É doutorada em Línguas e Literaturas Românicas, especialidade de Literaturas Românicas Comparadas, tem desenvolvido investigação sobre a Idade Média e o Renascimento ibérico, bem como sobre a Personagem e a Leitura. Revela preferência pela Edição Textual, os Estudos sobre o Imaginário e as Humanidades Digitais.</p>



<p></p>



<p>ORCID ID: <a href="https://orcid.org/0000-0003-0803-4769" target="_blank" rel="noreferrer noopener">0000-0003-0803-4769</a></p>



<p>CIÊNCIA ID: <a href="https://www.cienciavitae.pt/5017-6C38-DADD" target="_blank" rel="noreferrer noopener">5017-6C38-DADD</a></p>

Lecionou na Universidade da Provença (Aix-en-Provence &#8211; França), nos Ensinos Básico e Secundário, e é atualmente também Professora Auxiliar Convidada na Universidade Aberta &#8211; Departamento de Humanidades. Investigadora integrada no IELT (Instituto de Estudos de Literatura e Tradição, da NOVA-FCSH) e respetivo polo na UAb.&nbsp; É doutorada em Línguas e Literaturas Românicas, especialidade de Literaturas [&hellip;]
