{"id":2008,"date":"2023-08-29T16:29:47","date_gmt":"2023-08-29T15:29:47","guid":{"rendered":"https:\/\/lead.uab.pt\/digithum\/?page_id=2008"},"modified":"2024-01-20T10:11:07","modified_gmt":"2024-01-20T10:11:07","slug":"teses-de-doutoramento","status":"publish","type":"page","link":"https:\/\/lead.uab.pt\/digithum\/teses-de-doutoramento\/","title":{"rendered":"Teses de Doutoramento"},"content":{"rendered":"\n<ul class=\"wp-block-list\">\n<li>2022-2023<br>J\u00e9ssica Oliveira Fernandes<br>Doutoramento Sandwich Universidade Federal do Cear\u00e1, Brasil<br><em>Uma an\u00e1lise textual da viol\u00eancia como estrat\u00e9gia argumentativa<\/em><br>Orienta\u00e7\u00e3o:  M\u00f4nica Cavalcante Coorienta\u00e7\u00e3o: Isabel Roboredo Seara.<\/li>\n<\/ul>\n\n\n\n<ul class=\"wp-block-list\">\n<li>2022-2023<br>Elias Guimar\u00e3es Francisco<br>Doutoramento em Ci\u00eancia e Tecnologia Web, UAb\/UTAD<br><em>iLex: Modelo de Aprendizagem Adaptativa baseado em Intelig\u00eancia Artificial para auxiliar pessoas com Transtorno do Espectro Autista.<\/em><br>Orienta\u00e7\u00e3o: Isabel Roboredo Seara Coorienta\u00e7\u00e3o: Doutor Arnaldo Santos<\/li>\n<\/ul>\n\n\n\n<ul class=\"wp-block-list\">\n<li>2022-2023<br>Igor Luis Bernardes de Moura<br>Doutoramento em Ci\u00eancia e Tecnologia Web, UAb\/UTAD<br><em>Symphony: Modelo baseado em Intelig\u00eancia Artificial que utiliza a m\u00fasica como meio auxiliar no desenvolvimento cognitivo de indiv\u00edduos com Transtorno do Espectro Autista<\/em><br>Orienta\u00e7\u00e3o: Isabel Roboredo Seara. Coorienta\u00e7\u00e3o: Salviano Soares (UTAD)<\/li>\n<\/ul>\n\n\n\n<ul class=\"wp-block-list\">\n<li>2022-2023<br>Levi Bayle<br>Doutoramento em Ci\u00eancia e Tecnologia Web, UAb\/UTAD<br><em>Preserva\u00e7\u00e3o da Heran\u00e7a Cultural atrav\u00e9s do ensino: uso de sistema de recomenda\u00e7\u00e3o educacional na Educa\u00e7\u00e3o Superior<\/em><br>Orienta\u00e7\u00e3o: Isabel Roboredo Seara. Coorienta\u00e7\u00e3o V\u00edtor Manuel de Jesus Filipe (UTAD).<\/li>\n<\/ul>\n\n\n\n<ul class=\"wp-block-list\">\n<li>2022-2023<br>Ricardo Cruz<br><em>A integra\u00e7\u00e3o da Intelig\u00eancia Artificial Generativa no contexto do ensino de portugu\u00eas: transforma\u00e7\u00f5es, reconfigura\u00e7\u00f5es e novos horizontes na aprendizagem da l\u00edngua materna<\/em><br>Doutoramento em Did\u00e1tica das L\u00ednguas. Multiculturalismo e Educa\u00e7\u00e3o para a Cidadania Global. Especialidade: Did\u00e1tica do Portugu\u00eas L\u00edngua Materna, UAb\/ UNL<br>Orienta\u00e7\u00e3o: Isabel Roboredo Seara.<\/li>\n<\/ul>\n","protected":false},"excerpt":{"rendered":"","protected":false},"author":4,"featured_media":0,"parent":0,"menu_order":0,"comment_status":"closed","ping_status":"closed","template":"","meta":{"footnotes":""},"class_list":["post-2008","page","type-page","status-publish","hentry"],"_links":{"self":[{"href":"https:\/\/lead.uab.pt\/digithum\/wp-json\/wp\/v2\/pages\/2008","targetHints":{"allow":["GET"]}}],"collection":[{"href":"https:\/\/lead.uab.pt\/digithum\/wp-json\/wp\/v2\/pages"}],"about":[{"href":"https:\/\/lead.uab.pt\/digithum\/wp-json\/wp\/v2\/types\/page"}],"author":[{"embeddable":true,"href":"https:\/\/lead.uab.pt\/digithum\/wp-json\/wp\/v2\/users\/4"}],"replies":[{"embeddable":true,"href":"https:\/\/lead.uab.pt\/digithum\/wp-json\/wp\/v2\/comments?post=2008"}],"version-history":[{"count":9,"href":"https:\/\/lead.uab.pt\/digithum\/wp-json\/wp\/v2\/pages\/2008\/revisions"}],"predecessor-version":[{"id":2228,"href":"https:\/\/lead.uab.pt\/digithum\/wp-json\/wp\/v2\/pages\/2008\/revisions\/2228"}],"wp:attachment":[{"href":"https:\/\/lead.uab.pt\/digithum\/wp-json\/wp\/v2\/media?parent=2008"}],"curies":[{"name":"wp","href":"https:\/\/api.w.org\/{rel}","templated":true}]}}