{"id":2018,"date":"2023-08-29T16:34:10","date_gmt":"2023-08-29T15:34:10","guid":{"rendered":"https:\/\/lead.uab.pt\/digithum\/?page_id=2018"},"modified":"2024-01-04T09:01:00","modified_gmt":"2024-01-04T09:01:00","slug":"cursos","status":"publish","type":"page","link":"https:\/\/lead.uab.pt\/digithum\/cursos\/","title":{"rendered":"Cursos"},"content":{"rendered":"\n<p><strong>MOOC \u2013 AULAbERTA\u00a0<\/strong><br><br><strong>Ciberviol\u00eancia nos Estudos da Linguagem<\/strong>, Universidade Aberta, 4 de setembro a 6 de outubro de 2023<\/p>\n\n\n\n<p>Coordena\u00e7\u00e3o: Isabel Roboredo Seara, Isabel Muniz Lima (Universidade Federal de Alagoas), Jessica Oliveira Fernandes (Universidade Federal do Cear\u00e1)<\/p>\n\n\n\n<p>Centros e universidades parceiras:<\/p>\n\n\n\n<p>LE@D, DIGITHUM, Centro de Lingu\u00edstica da Universidade NOVA de Lisboa, Universidade Federal do Cear\u00e1, Universidade Federal do Rio Grande do Norte, Universidade de Bras\u00edlia, grupo PROTEXTO, grupo DISVIO&nbsp;<\/p>\n\n\n\n<p>Dispon\u00edvel em:&nbsp;<a href=\"https:\/\/aulaberta.uab.pt\/course\/view.php?id=96\">https:\/\/aulaberta.uab.pt\/course\/view.php?id=96<\/a><\/p>\n\n\n\n<p>Este MOOC busca refletir sobre a ciberviol\u00eancia a partir de uma perspectiva discursivo-textual, em di\u00e1logo com a Lingu\u00edstica Textual, a An\u00e1lise do Discurso Digital, a Pragm\u00e1tica Lingu\u00edstica, visando identificar aspectos textual-discursivos na constru\u00e7\u00e3o de intera\u00e7\u00f5es violentas em contexto digital e, ainda, refletir sobre&nbsp;as diferentes possibilidades de combater a ciberviol\u00eancia.&nbsp;<\/p>\n","protected":false},"excerpt":{"rendered":"MOOC \u2013 AULAbERTA\u00a0Ciberviol\u00eancia nos Estudos da Linguagem, Universidade Aberta, 4 de setembro a 6 de outubro de 2023 Coordena\u00e7\u00e3o: Isabel Roboredo Seara, Isabel Muniz Lima (Universidade Federal de Alagoas), Jessica Oliveira Fernandes (Universidade Federal do Cear\u00e1) Centros e universidades parceiras: LE@D, DIGITHUM, Centro de Lingu\u00edstica da Universidade NOVA de Lisboa, Universidade Federal do Cear\u00e1, Universidade [&hellip;]","protected":false},"author":4,"featured_media":0,"parent":0,"menu_order":0,"comment_status":"closed","ping_status":"closed","template":"","meta":{"footnotes":""},"class_list":["post-2018","page","type-page","status-publish","hentry"],"_links":{"self":[{"href":"https:\/\/lead.uab.pt\/digithum\/wp-json\/wp\/v2\/pages\/2018","targetHints":{"allow":["GET"]}}],"collection":[{"href":"https:\/\/lead.uab.pt\/digithum\/wp-json\/wp\/v2\/pages"}],"about":[{"href":"https:\/\/lead.uab.pt\/digithum\/wp-json\/wp\/v2\/types\/page"}],"author":[{"embeddable":true,"href":"https:\/\/lead.uab.pt\/digithum\/wp-json\/wp\/v2\/users\/4"}],"replies":[{"embeddable":true,"href":"https:\/\/lead.uab.pt\/digithum\/wp-json\/wp\/v2\/comments?post=2018"}],"version-history":[{"count":4,"href":"https:\/\/lead.uab.pt\/digithum\/wp-json\/wp\/v2\/pages\/2018\/revisions"}],"predecessor-version":[{"id":2110,"href":"https:\/\/lead.uab.pt\/digithum\/wp-json\/wp\/v2\/pages\/2018\/revisions\/2110"}],"wp:attachment":[{"href":"https:\/\/lead.uab.pt\/digithum\/wp-json\/wp\/v2\/media?parent=2018"}],"curies":[{"name":"wp","href":"https:\/\/api.w.org\/{rel}","templated":true}]}}

<p><strong>MOOC – AULAbERTA </strong><br><br><strong>Ciberviolência nos Estudos da Linguagem</strong>, Universidade Aberta, 4 de setembro a 6 de outubro de 2023</p>



<p>Coordenação: Isabel Roboredo Seara, Isabel Muniz Lima (Universidade Federal de Alagoas), Jessica Oliveira Fernandes (Universidade Federal do Ceará)</p>



<p>Centros e universidades parceiras:</p>



<p>LE@D, DIGITHUM, Centro de Linguística da Universidade NOVA de Lisboa, Universidade Federal do Ceará, Universidade Federal do Rio Grande do Norte, Universidade de Brasília, grupo PROTEXTO, grupo DISVIO&nbsp;</p>



<p>Disponível em:&nbsp;<a href="https://aulaberta.uab.pt/course/view.php?id=96">https://aulaberta.uab.pt/course/view.php?id=96</a></p>



<p>Este MOOC busca refletir sobre a ciberviolência a partir de uma perspectiva discursivo-textual, em diálogo com a Linguística Textual, a Análise do Discurso Digital, a Pragmática Linguística, visando identificar aspectos textual-discursivos na construção de interações violentas em contexto digital e, ainda, refletir sobre&nbsp;as diferentes possibilidades de combater a ciberviolência.&nbsp;</p>

MOOC – AULAbERTA Ciberviolência nos Estudos da Linguagem, Universidade Aberta, 4 de setembro a 6 de outubro de 2023 Coordenação: Isabel Roboredo Seara, Isabel Muniz Lima (Universidade Federal de Alagoas), Jessica Oliveira Fernandes (Universidade Federal do Ceará) Centros e universidades parceiras: LE@D, DIGITHUM, Centro de Linguística da Universidade NOVA de Lisboa, Universidade Federal do Ceará, Universidade [&hellip;]
