{"id":769,"date":"2022-10-23T14:13:01","date_gmt":"2022-10-23T14:13:01","guid":{"rendered":"https:\/\/sites.uab.pt\/congresso-humanidades\/?post_type=element&#038;p=769"},"modified":"2023-11-14T18:07:29","modified_gmt":"2023-11-14T18:07:29","slug":"maria-antonieta-rocha","status":"publish","type":"element","link":"https:\/\/lead.uab.pt\/genz\/conhecer\/maria-antonieta-rocha\/","title":{"rendered":"Maria Antonieta Rocha"},"content":{"rendered":"\n<p>Maria Antonieta Rocha \u00e9 investigador(a) integrado na UID-FCT n\u00ba 4372, Laborat\u00f3rio de Educa\u00e7\u00e3o a Dist\u00e2ncia e eLearning (LE@D), Universidade Aberta (Portugal).<\/p>\n\n\n\n<p>Docente do Quadro do Agrupamento de Escolas E\u00e7a de Queir\u00f3s e Diretora do Curso Profissional de Organiza\u00e7\u00e3o de Eventos.<br>Membro integrado e Secret\u00e1ria do LE@D.<\/p>\n\n\n\n<p><a href=\"https:\/\/www.cienciavitae.pt\/portal\/A518-4D8B-1847\">Ci\u00eancia Vitae: A518-4D8B-1847<\/a><br><a href=\"https:\/\/orcid.org\/0000-0003-1189-9261\">ORCID: 0000-0003-1189-9261<\/a><\/p>\n","protected":false},"excerpt":{"rendered":"Maria Antonieta Rocha \u00e9 investigador(a) integrado na UID-FCT n\u00ba 4372, Laborat\u00f3rio de Educa\u00e7\u00e3o a Dist\u00e2ncia e eLearning (LE@D), Universidade Aberta (Portugal).","protected":false},"featured_media":1938,"parent":0,"template":"","group":[3],"affiliation":[5],"_links":{"self":[{"href":"https:\/\/lead.uab.pt\/genz\/wp-json\/wp\/v2\/element\/769","targetHints":{"allow":["GET"]}}],"collection":[{"href":"https:\/\/lead.uab.pt\/genz\/wp-json\/wp\/v2\/element"}],"about":[{"href":"https:\/\/lead.uab.pt\/genz\/wp-json\/wp\/v2\/types\/element"}],"wp:featuredmedia":[{"embeddable":true,"href":"https:\/\/lead.uab.pt\/genz\/wp-json\/wp\/v2\/media\/1938"}],"wp:attachment":[{"href":"https:\/\/lead.uab.pt\/genz\/wp-json\/wp\/v2\/media?parent=769"}],"wp:term":[{"taxonomy":"group","embeddable":true,"href":"https:\/\/lead.uab.pt\/genz\/wp-json\/wp\/v2\/group?post=769"},{"taxonomy":"affiliation","embeddable":true,"href":"https:\/\/lead.uab.pt\/genz\/wp-json\/wp\/v2\/affiliation?post=769"}],"curies":[{"name":"wp","href":"https:\/\/api.w.org\/{rel}","templated":true}]}}

<p>Maria Antonieta Rocha é investigador(a) integrado na UID-FCT nº 4372, Laboratório de Educação a Distância e eLearning (LE@D), Universidade Aberta (Portugal).</p>



<p>Docente do Quadro do Agrupamento de Escolas Eça de Queirós e Diretora do Curso Profissional de Organização de Eventos.<br>Membro integrado e Secretária do LE@D.</p>



<p><a href="https://www.cienciavitae.pt/portal/A518-4D8B-1847">Ciência Vitae: A518-4D8B-1847</a><br><a href="https://orcid.org/0000-0003-1189-9261">ORCID: 0000-0003-1189-9261</a></p>

Maria Antonieta Rocha é investigador(a) integrado na UID-FCT nº 4372, Laboratório de Educação a Distância e eLearning (LE@D), Universidade Aberta (Portugal).
