{"id":774,"date":"2022-10-23T14:14:55","date_gmt":"2022-10-23T14:14:55","guid":{"rendered":"https:\/\/sites.uab.pt\/congresso-humanidades\/?post_type=element&#038;p=774"},"modified":"2023-11-14T18:07:24","modified_gmt":"2023-11-14T18:07:24","slug":"mario-carrilho-negas","status":"publish","type":"element","link":"https:\/\/lead.uab.pt\/genz\/conhecer\/mario-carrilho-negas\/","title":{"rendered":"M\u00e1rio Carrilho Negas"},"content":{"rendered":"\n<p>\u00c9 investigador do Laborat\u00f3rio de Educa\u00e7\u00e3o a Dist\u00e2ncia e eLearning (LE@D)(UID 4372\/FCT) da Universidade Aberta. Professor Auxiliar na Universidade Aberta, Departamento de Ci\u00eancias Sociais e de Gest\u00e3o (DCSG).<\/p>\n\n\n\n<p>Doutor em Gest\u00e3o, especialidade Informa\u00e7\u00e3o, pela Universidade Aberta, Licenciado em Gest\u00e3o, Mestre em Economia e Gest\u00e3o de Ci\u00eancia e Tecnologia e Inova\u00e7\u00e3o pelo Instituo Superior de Economia e Gest\u00e3o da Universidade T\u00e9cnica de Lisboa (ISEG-UTL). <\/p>\n\n\n\n<p>Os seus principais interesses de investiga\u00e7\u00e3o incluem a ado\u00e7\u00e3o de sistemas e tecnologia da informa\u00e7\u00e3o e comunica\u00e7\u00e3o; empreendedorismo e com o planeamento estrat\u00e9gico de sistemas de informa\u00e7\u00e3o; inova\u00e7\u00e3o; tecnologias digitais de informa\u00e7\u00e3o e comunica\u00e7\u00e3o na educa\u00e7\u00e3o.<\/p>\n\n\n\n<p><a href=\"https:\/\/www.cienciavitae.pt\/\/201C-F44D-2254\">Ci\u00eancia Vitae: 201C-F44D-2254<\/a><br><a href=\"https:\/\/orcid.org\/0000-0003-3541-1160\">ORCID: 0000-0003-3541-1160<\/a><\/p>\n","protected":false},"excerpt":{"rendered":"Coordenador do projeto GenZ Now. Docente na Universidade Aberta (UAb). Investigador integrado do Laborat\u00f3rio de Educa\u00e7\u00e3o a Dist\u00e2ncia e eLearning (LE@D) e investigador do Centro de Estudos Globais da Universidade Aberta.","protected":false},"featured_media":1936,"parent":0,"template":"","group":[3],"affiliation":[5],"_links":{"self":[{"href":"https:\/\/lead.uab.pt\/genz\/wp-json\/wp\/v2\/element\/774","targetHints":{"allow":["GET"]}}],"collection":[{"href":"https:\/\/lead.uab.pt\/genz\/wp-json\/wp\/v2\/element"}],"about":[{"href":"https:\/\/lead.uab.pt\/genz\/wp-json\/wp\/v2\/types\/element"}],"wp:featuredmedia":[{"embeddable":true,"href":"https:\/\/lead.uab.pt\/genz\/wp-json\/wp\/v2\/media\/1936"}],"wp:attachment":[{"href":"https:\/\/lead.uab.pt\/genz\/wp-json\/wp\/v2\/media?parent=774"}],"wp:term":[{"taxonomy":"group","embeddable":true,"href":"https:\/\/lead.uab.pt\/genz\/wp-json\/wp\/v2\/group?post=774"},{"taxonomy":"affiliation","embeddable":true,"href":"https:\/\/lead.uab.pt\/genz\/wp-json\/wp\/v2\/affiliation?post=774"}],"curies":[{"name":"wp","href":"https:\/\/api.w.org\/{rel}","templated":true}]}}

Mário Carrilho Negas

<p>É investigador do Laboratório de Educação a Distância e eLearning (LE@D)(UID 4372/FCT) da Universidade Aberta. Professor Auxiliar na Universidade Aberta, Departamento de Ciências Sociais e de Gestão (DCSG).</p>



<p>Doutor em Gestão, especialidade Informação, pela Universidade Aberta, Licenciado em Gestão, Mestre em Economia e Gestão de Ciência e Tecnologia e Inovação pelo Instituo Superior de Economia e Gestão da Universidade Técnica de Lisboa (ISEG-UTL). </p>



<p>Os seus principais interesses de investigação incluem a adoção de sistemas e tecnologia da informação e comunicação; empreendedorismo e com o planeamento estratégico de sistemas de informação; inovação; tecnologias digitais de informação e comunicação na educação.</p>



<p><a href="https://www.cienciavitae.pt//201C-F44D-2254">Ciência Vitae: 201C-F44D-2254</a><br><a href="https://orcid.org/0000-0003-3541-1160">ORCID: 0000-0003-3541-1160</a></p>

Coordenador do projeto GenZ Now. Docente na Universidade Aberta (UAb). Investigador integrado do Laboratório de Educação a Distância e eLearning (LE@D) e investigador do Centro de Estudos Globais da Universidade Aberta.
