{"id":791,"date":"2022-10-23T14:27:03","date_gmt":"2022-10-23T14:27:03","guid":{"rendered":"https:\/\/sites.uab.pt\/congresso-humanidades\/?post_type=element&#038;p=791"},"modified":"2023-11-14T18:07:19","modified_gmt":"2023-11-14T18:07:19","slug":"mario-macedo","status":"publish","type":"element","link":"https:\/\/lead.uab.pt\/genz\/conhecer\/mario-macedo\/","title":{"rendered":"M\u00e1rio Macedo"},"content":{"rendered":"\n<p>Doutorado em Gest\u00e3o de Informa\u00e7\u00e3o pela Universidade Aberta, Investigador em v\u00e1rios projetos nacionais e europeus, Presidente da Comiss\u00e3o T\u00e9cnica CT199 \u2013 Sistemas de Informa\u00e7\u00e3o para a Sa\u00fade do Instituto Portugu\u00eas de Qualidade, consultor de v\u00e1rios hospitais e ind\u00fastria. <\/p>\n\n\n\n<p>Investigador colaborador do Laborat\u00f3rio de Educa\u00e7\u00e3o a Dist\u00e2ncia e E-learning da Universidade Aberta.<\/p>\n\n\n\n<p>Foi respons\u00e1vel pela \u00e1rea de Sistemas de Informa\u00e7\u00e3o de Ind\u00fastrias e Organiza\u00e7\u00f5es de Servi\u00e7os de Sa\u00fade e perito inform\u00e1tico do Minist\u00e9rio P\u00fablico. Colaborador do Laborat\u00f3rio de Educa\u00e7\u00e3o a Dist\u00e2ncia e E-learning da Universidade Aberta.<\/p>\n\n\n\n<p><a href=\"https:\/\/www.cienciavitae.pt\/\/C610-5E9F-7184\">Ci\u00eancia Vitae: C610-5E9F-7184<\/a><br><a href=\"https:\/\/orcid.org\/0000-0002-4145-7301\">ORCID: 0000-0002-4145-7301<\/a><\/p>\n","protected":false},"excerpt":{"rendered":"Investigador colaborador do Laborat\u00f3rio de Educa\u00e7\u00e3o a Dist\u00e2ncia e E-learning da Universidade Aberta.","protected":false},"featured_media":1947,"parent":0,"template":"","group":[3],"affiliation":[5],"_links":{"self":[{"href":"https:\/\/lead.uab.pt\/genz\/wp-json\/wp\/v2\/element\/791","targetHints":{"allow":["GET"]}}],"collection":[{"href":"https:\/\/lead.uab.pt\/genz\/wp-json\/wp\/v2\/element"}],"about":[{"href":"https:\/\/lead.uab.pt\/genz\/wp-json\/wp\/v2\/types\/element"}],"wp:featuredmedia":[{"embeddable":true,"href":"https:\/\/lead.uab.pt\/genz\/wp-json\/wp\/v2\/media\/1947"}],"wp:attachment":[{"href":"https:\/\/lead.uab.pt\/genz\/wp-json\/wp\/v2\/media?parent=791"}],"wp:term":[{"taxonomy":"group","embeddable":true,"href":"https:\/\/lead.uab.pt\/genz\/wp-json\/wp\/v2\/group?post=791"},{"taxonomy":"affiliation","embeddable":true,"href":"https:\/\/lead.uab.pt\/genz\/wp-json\/wp\/v2\/affiliation?post=791"}],"curies":[{"name":"wp","href":"https:\/\/api.w.org\/{rel}","templated":true}]}}

Mário Macedo

<p>Doutorado em Gestão de Informação pela Universidade Aberta, Investigador em vários projetos nacionais e europeus, Presidente da Comissão Técnica CT199 – Sistemas de Informação para a Saúde do Instituto Português de Qualidade, consultor de vários hospitais e indústria. </p>



<p>Investigador colaborador do Laboratório de Educação a Distância e E-learning da Universidade Aberta.</p>



<p>Foi responsável pela área de Sistemas de Informação de Indústrias e Organizações de Serviços de Saúde e perito informático do Ministério Público. Colaborador do Laboratório de Educação a Distância e E-learning da Universidade Aberta.</p>



<p><a href="https://www.cienciavitae.pt//C610-5E9F-7184">Ciência Vitae: C610-5E9F-7184</a><br><a href="https://orcid.org/0000-0002-4145-7301">ORCID: 0000-0002-4145-7301</a></p>

Investigador colaborador do Laboratório de Educação a Distância e E-learning da Universidade Aberta.
