{"id":139,"date":"2022-10-19T22:41:51","date_gmt":"2022-10-19T22:41:51","guid":{"rendered":"https:\/\/sites.uab.pt\/congresso-humanidades\/?page_id=139"},"modified":"2024-07-19T23:33:11","modified_gmt":"2024-07-19T22:33:11","slug":"projeto","status":"publish","type":"page","link":"https:\/\/lead.uab.pt\/gopa\/","title":{"rendered":"Projeto"},"content":{"rendered":"\n<h4 class=\"wp-block-heading\"><strong>GOPA<\/strong> &#8211; Gamifica\u00e7\u00e3o online: uma pedagogia alternativa \/ Gamification online: an alternative pedagogy<\/h4>\n\n\n\n<p><em>PTN\/UID4372-LE@D\/042018<\/em>.<\/p>\n\n\n\n<p>Gamification is a field that has emerged in education in recent decades. It is a way of making learning experiences more interesting and motivating.<\/p>\n\n\n\n<p>Different from the concept of a game, gamification is the utilisation and exploitation of game elements and techniques in a non-game context.<\/p>\n\n\n\n<p>The GOPA project aims to work on and investigate how gamification applied to education in virtual or hybrid contexts can increase adult learners&#8217; engagement in learning activities.<\/p>\n\n\n\n<div class=\"wp-block-columns is-layout-flex wp-container-core-columns-is-layout-1 wp-block-columns-is-layout-flex\">\n<div class=\"wp-block-column is-layout-flow wp-block-column-is-layout-flow\" style=\"flex-basis:60%\">\n<p><\/p>\n\n\n\n<p>A gamifica\u00e7\u00e3o \u00e9 uma \u00e1rea que tem emergido nas \u00faltimas d\u00e9cadas na Educa\u00e7\u00e3o, como forma de tornar mais interessante e motivadoras as experi\u00eancias de aprendizagem.<\/p>\n\n\n\n<p>N\u00e3o sendo coincidente com o conceito de jogo, a gamifica\u00e7\u00e3o usa e explora elementos e t\u00e9cnicas de jogo em contexto de n\u00e3o jogo.<\/p>\n\n\n\n<p>O projeto <em><strong>GOPA &#8211; Gamification Online. an alternative Pedagogy<\/strong><\/em> procura trabalhar e investigar de que modo a gamifica\u00e7\u00e3o aplicada \u00e0 Educa\u00e7\u00e3o em contextos virtuais ou h\u00edbridos pode potenciar um maior empenhamento de aprendentes adultos na realiza\u00e7\u00e3o das atividades de aprendizagem.<\/p>\n\n\n\n<p>Projeto inserido no LE@D &#8211;<a href=\"http:\/\/https\/\/:lead.uab.pt\" data-type=\"link\" data-id=\"https\/\/:lead.uab.pt\"> Laborat\u00f3rio de Educa\u00e7\u00e3o a Dist\u00e2ncia e eLearning<\/a>, Universidade Aberta.<\/p>\n<\/div>\n\n\n\n<div class=\"wp-block-column is-layout-flow wp-block-column-is-layout-flow\" style=\"flex-basis:20px\"><\/div>\n\n\n\n<div class=\"wp-block-column is-layout-flow wp-block-column-is-layout-flow\">\n<figure class=\"wp-block-image size-full is-resized\"><img loading=\"lazy\" decoding=\"async\" width=\"321\" height=\"94\" src=\"https:\/\/lead.uab.pt\/gopa\/wp-content\/uploads\/sites\/8\/2024\/06\/Logotipo_GOPA.jpg\" alt=\"\" class=\"wp-image-2063\" style=\"width:301px;height:auto\" srcset=\"https:\/\/lead.uab.pt\/gopa\/wp-content\/uploads\/sites\/8\/2024\/06\/Logotipo_GOPA.jpg 321w, https:\/\/lead.uab.pt\/gopa\/wp-content\/uploads\/sites\/8\/2024\/06\/Logotipo_GOPA-300x88.jpg 300w\" sizes=\"auto, (max-width: 321px) 100vw, 321px\" \/><\/figure>\n<\/div>\n<\/div>\n","protected":false},"excerpt":{"rendered":"GOPA &#8211; Gamifica\u00e7\u00e3o online: uma pedagogia alternativa \/ Gamification online: an alternative pedagogy PTN\/UID4372-LE@D\/042018. Gamification is a field that has emerged in education in recent decades. It is a way of making learning experiences more interesting and motivating. Different from the concept of a game, gamification is the utilisation and exploitation of game elements and [&hellip;]","protected":false},"author":11,"featured_media":0,"parent":0,"menu_order":10,"comment_status":"closed","ping_status":"closed","template":"","meta":{"footnotes":""},"class_list":["post-139","page","type-page","status-publish","hentry"],"_links":{"self":[{"href":"https:\/\/lead.uab.pt\/gopa\/wp-json\/wp\/v2\/pages\/139","targetHints":{"allow":["GET"]}}],"collection":[{"href":"https:\/\/lead.uab.pt\/gopa\/wp-json\/wp\/v2\/pages"}],"about":[{"href":"https:\/\/lead.uab.pt\/gopa\/wp-json\/wp\/v2\/types\/page"}],"author":[{"embeddable":true,"href":"https:\/\/lead.uab.pt\/gopa\/wp-json\/wp\/v2\/users\/11"}],"replies":[{"embeddable":true,"href":"https:\/\/lead.uab.pt\/gopa\/wp-json\/wp\/v2\/comments?post=139"}],"version-history":[{"count":10,"href":"https:\/\/lead.uab.pt\/gopa\/wp-json\/wp\/v2\/pages\/139\/revisions"}],"predecessor-version":[{"id":2067,"href":"https:\/\/lead.uab.pt\/gopa\/wp-json\/wp\/v2\/pages\/139\/revisions\/2067"}],"wp:attachment":[{"href":"https:\/\/lead.uab.pt\/gopa\/wp-json\/wp\/v2\/media?parent=139"}],"curies":[{"name":"wp","href":"https:\/\/api.w.org\/{rel}","templated":true}]}}