{"id":2218,"date":"2024-01-25T23:29:47","date_gmt":"2024-01-25T23:29:47","guid":{"rendered":"https:\/\/lead.uab.pt\/helaheduki\/?page_id=2218"},"modified":"2024-01-26T22:02:03","modified_gmt":"2024-01-26T22:02:03","slug":"organizacao-do-livro","status":"publish","type":"page","link":"https:\/\/lead.uab.pt\/helaheduki\/organizacao-do-livro\/","title":{"rendered":"Organiza\u00e7\u00e3o do livro"},"content":{"rendered":"\n<h1 class=\"wp-block-heading\">Organiza\u00e7\u00e3o do livro<\/h1>\n\n\n\n<div style=\"height:20px\" aria-hidden=\"true\" class=\"wp-block-spacer\"><\/div>\n\n\n\n<p>O livro apresenta 12 cap\u00edtulos resultantes dos depoimentos dos autores e coautores, ou seja, prestadores e recetores das pr\u00e1ticas pedag\u00f3gicas relatadas. Os cap\u00edtulos est\u00e3o organizados por contexto educacional, que inclui ensino b\u00e1sico (1.\u00ba, 2.\u00ba e 3.\u00ba ciclos), ensino dom\u00e9stico, ensino e forma\u00e7\u00e3o profissional e centro de estudos. Dois cap\u00edtulos apresentam relatos do percurso de vida, considerados pertinentes para compreender alguns cen\u00e1rios de aprendizagem e ajudar a adequar estrat\u00e9gias pedag\u00f3gicas e decis\u00f5es institucionais.<\/p>\n\n\n\n<p>Para chegar ao maior n\u00famero de pessoas, o livro \u00e9 disponibilizado em v\u00e1rios formatos digitais, em acesso aberto, com uma licen\u00e7a Creative Commons, no website: <a href=\"https:\/\/lead.uab.pt\/helaheduki\/\">https:\/\/lead.uab.pt\/helaheduki\/<\/a><\/p>\n\n\n\n<p>No website do projeto, o livro pode ser acedido atrav\u00e9s do menu principal. No submenu do livro, s\u00e3o apresentadas as hiperliga\u00e7\u00f5es para as p\u00e1ginas HTML de cada cap\u00edtulo e para a p\u00e1gina dos formatos, onde s\u00e3o disponibilizadas as vers\u00f5es completas do livro:<\/p>\n\n\n\n<ul class=\"wp-block-list\">\n<li>PDF (formato textual paginado)<\/li>\n\n\n\n<li>\u00c1udio (brevemente ser\u00e1 disponibilizada a lista de reprodu\u00e7\u00e3o no YouTube)<\/li>\n\n\n\n<li>LGP (brevemente ser\u00e1 disponibilizada a lista de reprodu\u00e7\u00e3o no YouTube)<\/li>\n\n\n\n<li>HTML (formato textual de consulta online)<\/li>\n\n\n\n<li>BRF (formato para leitura e impress\u00e3o em Braille)<\/li>\n<\/ul>\n\n\n\n<p>Sendo o livro um dos produtos do projeto de investiga\u00e7\u00e3o Hela.H.Eduki, os v\u00e1rios formatos ser\u00e3o disponibilizados de forma faseada, uma vez que a&nbsp; adapta\u00e7\u00e3o&nbsp; textual para cada formato requer estrat\u00e9gias espec\u00edficas, sendo este ponto um dos t\u00f3picos da investiga\u00e7\u00e3o.<\/p>\n\n\n\n<div style=\"height:60px\" aria-hidden=\"true\" class=\"wp-block-spacer\"><\/div>\n\n\n\n<div class=\"wp-block-columns is-layout-flex wp-container-core-columns-is-layout-1 wp-block-columns-is-layout-flex\">\n<div class=\"wp-block-column is-layout-flow wp-block-column-is-layout-flow\">\n<div class=\"wp-block-buttons is-layout-flex wp-block-buttons-is-layout-flex\">\n<div class=\"wp-block-button is-style-fill\"><a class=\"wp-block-button__link wp-element-button\" href=\"https:\/\/lead.uab.pt\/helaheduki\/nota-introdutoria\/\">Anterior<\/a><\/div>\n<\/div>\n<\/div>\n\n\n\n<div class=\"wp-block-column is-layout-flow wp-block-column-is-layout-flow\">\n<div class=\"wp-block-buttons is-content-justification-center is-layout-flex wp-container-core-buttons-is-layout-2 wp-block-buttons-is-layout-flex\">\n<div class=\"wp-block-button is-style-outline is-style-outline--1\"><a class=\"wp-block-button__link wp-element-button\" href=\"https:\/\/lead.uab.pt\/helaheduki\/indice\/\">\u00cdndice<\/a><\/div>\n<\/div>\n<\/div>\n\n\n\n<div class=\"wp-block-column is-layout-flow wp-block-column-is-layout-flow\">\n<div class=\"wp-block-buttons is-content-justification-right is-layout-flex wp-container-core-buttons-is-layout-3 wp-block-buttons-is-layout-flex\">\n<div class=\"wp-block-button is-style-fill\"><a class=\"wp-block-button__link wp-element-button\" href=\"https:\/\/lead.uab.pt\/helaheduki\/sinopse-dos-capitulos\/\">Seguinte<\/a><\/div>\n<\/div>\n<\/div>\n<\/div>\n\n\n\n<div style=\"height:60px\" aria-hidden=\"true\" class=\"wp-block-spacer\"><\/div>\n","protected":false},"excerpt":{"rendered":"Organiza\u00e7\u00e3o do livro O livro apresenta 12 cap\u00edtulos resultantes dos depoimentos dos autores e coautores, ou seja, prestadores e recetores das pr\u00e1ticas pedag\u00f3gicas relatadas. Os cap\u00edtulos est\u00e3o organizados por contexto educacional, que inclui ensino b\u00e1sico (1.\u00ba, 2.\u00ba e 3.\u00ba ciclos), ensino dom\u00e9stico, ensino e forma\u00e7\u00e3o profissional e centro de estudos. Dois cap\u00edtulos apresentam relatos do [&hellip;]","protected":false},"author":5,"featured_media":0,"parent":0,"menu_order":0,"comment_status":"closed","ping_status":"closed","template":"","meta":{"footnotes":""},"class_list":["post-2218","page","type-page","status-publish","hentry"],"_links":{"self":[{"href":"https:\/\/lead.uab.pt\/helaheduki\/wp-json\/wp\/v2\/pages\/2218","targetHints":{"allow":["GET"]}}],"collection":[{"href":"https:\/\/lead.uab.pt\/helaheduki\/wp-json\/wp\/v2\/pages"}],"about":[{"href":"https:\/\/lead.uab.pt\/helaheduki\/wp-json\/wp\/v2\/types\/page"}],"author":[{"embeddable":true,"href":"https:\/\/lead.uab.pt\/helaheduki\/wp-json\/wp\/v2\/users\/5"}],"replies":[{"embeddable":true,"href":"https:\/\/lead.uab.pt\/helaheduki\/wp-json\/wp\/v2\/comments?post=2218"}],"version-history":[{"count":3,"href":"https:\/\/lead.uab.pt\/helaheduki\/wp-json\/wp\/v2\/pages\/2218\/revisions"}],"predecessor-version":[{"id":2257,"href":"https:\/\/lead.uab.pt\/helaheduki\/wp-json\/wp\/v2\/pages\/2218\/revisions\/2257"}],"wp:attachment":[{"href":"https:\/\/lead.uab.pt\/helaheduki\/wp-json\/wp\/v2\/media?parent=2218"}],"curies":[{"name":"wp","href":"https:\/\/api.w.org\/{rel}","templated":true}]}}