{"id":1995,"date":"2023-08-30T18:05:44","date_gmt":"2023-08-30T17:05:44","guid":{"rendered":"https:\/\/lead.uab.pt\/imooc\/?page_id=1995"},"modified":"2023-09-23T07:08:06","modified_gmt":"2023-09-23T06:08:06","slug":"pos-docs","status":"publish","type":"page","link":"https:\/\/lead.uab.pt\/imooc\/pos-docs\/","title":{"rendered":"P\u00f3s-Docs"},"content":{"rendered":"\n<h4 class=\"wp-block-heading\"><strong>P\u00f3s-Docs<\/strong><\/h4>\n\n\n\n<figure class=\"wp-block-table\"><table><tbody><tr><td>2018<\/td><td><br><strong>Sandra Can\u00e1rio<\/strong>, UAb<\/td><td><br><em>MOOC &#8211; A Qualidade e a sustentabilidade na avalia\u00e7\u00e3o por pares<\/em><br><\/td><td>Orienta\u00e7\u00e3o:   Ant\u00f3nio Teixeira e Isolina Oliveira<\/td><\/tr><\/tbody><\/table><figcaption class=\"wp-element-caption\">Ref. LEAD- UID4372\/FCT-FA-PPhD2018-02&nbsp;<\/figcaption><\/figure>\n\n\n\n<figure class=\"wp-block-table\"><table><tbody><tr><td>2016-2017<\/td><td><br><strong>Fl\u00e1vio Lemos de Souza<\/strong>, Universidade Federal Fluminense, Brasil<\/td><td><br><br>T<em>este e avalia\u00e7\u00e3o dum modelo europeu de MOOCs : o Modelo Pedag\u00f3gico sMOOC como suporte ao desenvolvimento na educa\u00e7\u00e3o superior no Brasil<\/em><\/td><td>Orienta\u00e7\u00e3o:   Lina Morgado<\/td><\/tr><\/tbody><\/table><figcaption class=\"wp-element-caption\">Ref. LEAD- UID4372\/FCT-FA-PPhD2018-01<\/figcaption><\/figure>\n\n\n\n<figure class=\"wp-block-table\"><table><tbody><tr><td>2016<\/td><td><strong>Pilar  G\u00f3mez-Rey<\/strong>, UOC, Espanha<\/td><td><br>The Pillars of Learning on Online Environments<br><\/td><td>Orienta\u00e7\u00e3o:   Ant\u00f3nio Teixeira <\/td><\/tr><\/tbody><\/table><figcaption class=\"wp-element-caption\">Ref. LEAD- UID4372\/FCT-FA-PPhD2016-02&nbsp;<\/figcaption><\/figure>\n\n\n\n<figure class=\"wp-block-table\"><table><tbody><tr><td>2016<\/td><td><br><strong>Isabel Hevia Artime<\/strong>, Universidad de Oviedo, Espanha<\/td><td><br><em>MOOC -no espa\u00e7o iberoamericano<\/em><br><\/td><td>Orienta\u00e7\u00e3o:   Ant\u00f3nio Teixeira <\/td><\/tr><\/tbody><\/table><figcaption class=\"wp-element-caption\">Ref. LEAD- UID4372\/FCT-FA-PPhD2016-01&nbsp;<\/figcaption><\/figure>\n\n\n\n<figure class=\"wp-block-table\"><table><tbody><tr><td>2015<\/td><td><br><strong>Welinton Baxto<\/strong> Universidade  Bras\u00edlia, Brasil<\/td><td><br><em>Converg\u00eancia midi\u00e1tica na Educa\u00e7\u00e3o Superior a Dist\u00e2ncia<\/em><br><\/td><td>Orienta\u00e7\u00e3o:   Ant\u00f3nio Teixeira <\/td><\/tr><\/tbody><\/table><figcaption class=\"wp-element-caption\">Ref. LEAD- UID4372\/FCT-FA-PPhD2015-01&nbsp;<\/figcaption><\/figure>\n\n\n\n<p><\/p>\n","protected":false},"excerpt":{"rendered":"P\u00f3s-Docs 2018Sandra Can\u00e1rio, UAbMOOC &#8211; A Qualidade e a sustentabilidade na avalia\u00e7\u00e3o por paresOrienta\u00e7\u00e3o: Ant\u00f3nio Teixeira e Isolina OliveiraRef. LEAD- UID4372\/FCT-FA-PPhD2018-02&nbsp; 2016-2017Fl\u00e1vio Lemos de Souza, Universidade Federal Fluminense, BrasilTeste e avalia\u00e7\u00e3o dum modelo europeu de MOOCs : o Modelo Pedag\u00f3gico sMOOC como suporte ao desenvolvimento na educa\u00e7\u00e3o superior no BrasilOrienta\u00e7\u00e3o: Lina MorgadoRef. LEAD- UID4372\/FCT-FA-PPhD2018-01 2016Pilar [&hellip;]","protected":false},"author":4,"featured_media":0,"parent":0,"menu_order":0,"comment_status":"closed","ping_status":"closed","template":"","meta":{"speak2many_translation":"","footnotes":""},"class_list":["post-1995","page","type-page","status-publish","hentry"],"_links":{"self":[{"href":"https:\/\/lead.uab.pt\/imooc\/wp-json\/wp\/v2\/pages\/1995","targetHints":{"allow":["GET"]}}],"collection":[{"href":"https:\/\/lead.uab.pt\/imooc\/wp-json\/wp\/v2\/pages"}],"about":[{"href":"https:\/\/lead.uab.pt\/imooc\/wp-json\/wp\/v2\/types\/page"}],"author":[{"embeddable":true,"href":"https:\/\/lead.uab.pt\/imooc\/wp-json\/wp\/v2\/users\/4"}],"replies":[{"embeddable":true,"href":"https:\/\/lead.uab.pt\/imooc\/wp-json\/wp\/v2\/comments?post=1995"}],"version-history":[{"count":10,"href":"https:\/\/lead.uab.pt\/imooc\/wp-json\/wp\/v2\/pages\/1995\/revisions"}],"predecessor-version":[{"id":2076,"href":"https:\/\/lead.uab.pt\/imooc\/wp-json\/wp\/v2\/pages\/1995\/revisions\/2076"}],"wp:attachment":[{"href":"https:\/\/lead.uab.pt\/imooc\/wp-json\/wp\/v2\/media?parent=1995"}],"curies":[{"name":"wp","href":"https:\/\/api.w.org\/{rel}","templated":true}]}}