{"id":1989,"date":"2023-06-04T06:39:43","date_gmt":"2023-06-04T05:39:43","guid":{"rendered":"https:\/\/lead.uab.pt\/leadtalks\/?page_id=1989"},"modified":"2025-01-10T09:16:31","modified_gmt":"2025-01-10T09:16:31","slug":"2023-2","status":"publish","type":"page","link":"https:\/\/lead.uab.pt\/leadtalks\/2023-2\/","title":{"rendered":"2023"},"content":{"rendered":"\n<p><\/p>\n\n\n\n<p>As LE@D Talks tem uma regularidade mensal. No Per\u00edodo de 2022 a 2023 realizaram-se as seguintes:<\/p>\n\n\n\n<p><\/p>\n\n\n\n<figure class=\"wp-block-table\"><table><tbody><tr><td><strong>Talkers<\/strong><\/td><td><strong>T\u00edtulo<\/strong><\/td><td><strong>Institui\u00e7\u00f5es<\/strong><\/td><td><strong>Data<\/strong><\/td><td><strong>Modera\u00e7\u00e3o<\/strong><\/td><\/tr><tr><td>L\u00facia Amante<br>Maribel Pinto<br>Elizabeth Souza<\/td><td><em>Programa\u00e7\u00e3o e Rob\u00f3tica Educativa no Pr\u00e9-Escolar e Educa\u00e7\u00e3o B\u00e1sica: Lan\u00e7amento do MOOC KML II<\/em>.<\/td><td>V\u00e1rias<\/td><td>6 de dezembro 2023<\/td><td><\/td><\/tr><tr><td>Claudio Delgado Morales<\/td><td><em>Calidad de la tecnolog\u00eda educativa gamificada: El caso de las aplicaciones m\u00f3viles destinadas a desarrollar h\u00e1bitos saludables en la poblaci\u00f3n infantil y adolescente.<\/em><\/td><td>Universidade de Huelva, Espanha.<\/td><td>30 de novembro de 2023<\/td><td>Maribel Pinto<\/td><\/tr><tr><td>Thelma Panerai Alves.<\/td><td><em>Hist\u00f3rias que educam e conectam: O poder das narrativas autobiogr\u00e1ficas na cultura digital<\/em>.<br><\/td><td>Universidade Federal de Pernambuco, Brasil.<\/td><td>9 de novembro 2023<\/td><td>L\u00facia Amante<\/td><\/tr><tr><td>Manoel Jossias e Ana Freire<\/td><td><em>Estudantes na (co)cria\u00e7\u00e3o e curadoria de conte\u00fados&nbsp;em&nbsp;EDEL<\/em>.<\/td><td>Universidade Aberta<\/td><td>26 de outubro 2023<\/td><td>Ant\u00f3nio Quintas-Mendes<\/td><\/tr><tr><td><a href=\"https:\/\/scholar.google.com.br\/citations?user=Oore6oEAAAAJ&amp;hl=pt-BR\">Nelson De Luca Pretto<\/a><\/td><td><em>Na fronteira do conhecimento: educa\u00e7\u00e3o e tecnologias algor\u00edtmicas.<\/em><\/td><td>Universidade Federal da Ba\u00eda, Brasil.<\/td><td>30 de outubro 2023<\/td><td>L\u00facia Amante<\/td><\/tr><tr><td><a href=\"https:\/\/orcid.org\/0000%20%20-0001%20%20-6657%20%20-6\">Enrique Torres Hergueta<\/a><\/td><td><em>Playing with the Past:The Role of Video Games in Reconstructing Ancient Culture<\/em>.<\/td><td>Universidade de Sevilha\/Universidade de Extremadura, Espanha.<br><br><\/td><td>12 outubro 2023<\/td><td>Maria de Jesus Relvas<\/td><\/tr><tr><td><a href=\"https:\/\/avesis.anadolu.edu.tr\/rehadurucasu\">Remzi Durucasu<\/a><\/td><td><em>Digital Marketing Channels: a Summary<\/em>.<\/td><td>Anadolu University Turquia.<\/td><td>28 setembro de 2023<\/td><td>Antonieta Rocha<\/td><\/tr><tr><td><a href=\"https:\/\/scholar.google.com\/citations?user=6pcoIPUAAAAJ&amp;hl=es\">Jennifer Serrano Garcia<\/a><\/td><td><em>Grupos Vulner\u00e1veis: Exclus\u00e3o, uma realidade invis\u00edvel na cidade de Melilla<\/em>.<\/td><td>Universidade de Granada, Espanha.<\/td><td>24 de julho 2023<\/td><td>Lu\u00edsa Aires<\/td><\/tr><tr><td><a href=\"https:\/\/www.ugr.es\/personal\/maria-mar-garcia-ruiz\">Maria del Mar Garc\u00eda Ruiz<\/a><\/td><td><em>Inclusi\u00f3n Digital de Fam\u00edlias en situaci\u00f3n de<\/em> <em>Rie<\/em>sgo.<\/td><td>Universidade de Granada, Espanha<\/td><td>13 de julho de 2023<\/td><td>Ant\u00f3nio Quintas-Mendes<\/td><\/tr><tr><td>Helder Pais,<br>Raquel Polainas,<br>Isolina Oliveira,<br>L\u00facia Ramiro, Ana Figueiredo, Alexandra Cabral. Ana Paula Rosa, Daniela Nunes, Ricardo Oliveira<\/td><td><em>Avaliar compet\u00eancias e pr\u00e1ticas digitais.<\/em><\/td><td>V\u00e1rias institui\u00e7\u00f5es<\/td><td>10 julho 2023<br><br><\/td><td>L\u00facia Amante<\/td><\/tr><tr><td><a href=\"https:\/\/orcid.org\/0000-0002-3649-4327\" data-type=\"link\" data-id=\"https:\/\/orcid.org\/0000-0002-3649-4327\">Francisco Revuelta<\/a> &amp;  <a href=\"https:\/\/orcid.org\/0000-0001-8097-0573\" data-type=\"link\" data-id=\"https:\/\/orcid.org\/0000-0001-8097-0573\">Mario Cerezo-Pizarro<\/a>&#8211; Grupo de Investiga\u00e7\u00e3o NODO<\/td><td><em>El Camino de la Investigac\u00f3n &#8211; panorama espa\u00f1ol y proceso de publicaci\u00f3n en revistas espa\u00f1olas.<\/em><\/td><td>Universidad Extremadura, Espanha<\/td><td>14 de junho 2023<\/td><td>Lina Morgado<\/td><\/tr><tr><td><a href=\"https:\/\/orcid.org\/0000-0001-8097-0573\" data-type=\"link\" data-id=\"https:\/\/orcid.org\/0000-0001-8097-0573\">Mario Cerezo Pizarro<\/a><\/td><td><em>Impression 3 D- una Tecnologia Impressionante para ela aula<\/em><\/td><td><br>LE@D, Universidade Aberta, Grupo NODO, Univ Extremadura, Espanha<\/td><td>23 maio 2023<\/td><td>Lina Morgado<\/td><\/tr><tr><td><a href=\"https:\/\/www.cienciavitae.pt\/8C17-EE09-D6A7\">Viviane Marques<\/a><\/td><td><em>Assistente Virtual Inteligente na \u00e1rea das Ci\u00eancias da Natureza no Ensino B\u00e1sico<\/em><\/td><td>UNICAMP, Brasil<\/td><td>19 abril 2023<\/td><td>Teresa Cardoso<\/td><\/tr><tr><td><a href=\"https:\/\/orcid.org\/0000-0002-5122-9820\">Natanael Reis Bomfim<\/a>, Silvia Correia,<br>Micheline Liberato Azevedo<\/td><td><a href=\"https:\/\/lead.uab.pt\/led-talk-dedicada-a-saude-e-seguranca-nas-escolas\/\" data-type=\"URL\" data-id=\"https:\/\/lead.uab.pt\/led-talk-dedicada-a-saude-e-seguranca-nas-escolas\/\"><em>Gest\u00e3o, Sa\u00fade e Seguran\u00e7a nas Escolas<\/em>.<\/a><\/td><td>UNEB<\/td><td>15 mar\u00e7o 2023<\/td><td>Susana Henriques<\/td><\/tr><tr><td><a href=\"https:\/\/www.cienciavitae.pt\/portal\/3211-438A-A256\">Arnaldo Santos<\/a>,<br><a href=\"https:\/\/www.cienciavitae.pt\/431F-872B-E922\">Cec\u00edlia Tom\u00e1s<\/a><\/td><td><em><a href=\"https:\/\/lead.uab.pt\/ciclo-de-led-talks-desafios-da-inteligencia-artificial\/\" data-type=\"URL\" data-id=\"https:\/\/lead.uab.pt\/ciclo-de-led-talks-desafios-da-inteligencia-artificial\/\">ChatGPT: Desafios na Educa\u00e7\u00e3o<\/a><\/em><\/td><td>UAb<\/td><td>15 fevereiro 2023<\/td><td>Lina Morgado<\/td><\/tr><tr><td>Jo\u00e3o Mattar, Daniela Ramos<\/td><td><em>Que rela\u00e7\u00e3o entre Compet\u00eancias Digitais e Compet\u00eancias emocionais?<\/em><\/td><td>ABED<\/td><td>12 janeiro 2023<\/td><td>Lina Morgado<\/td><\/tr><tr><td>Ricardo Palmeiro<br>Helder Tou\u00e7as<br>Vanessa Ver\u00edssimo<br>Toni Maestro<\/td><td><em>Inclus\u00e3o Digital: os Casos do Alentejo e do pa\u00eds Basco (Espanha)<\/em><\/td><td>Universidade de Deusto, <br>C\u00e2mara Municipal de Lisboa,<br>KZgunea<br>Rede OBlid<\/td><td>9 novembro 2022<\/td><td>Lu\u00edsa Aires<br>Visi Pereda<\/td><\/tr><tr><td><a href=\"https:\/\/en.wikipedia.org\/wiki\/Badrul_Khan\">Badrul Khan<\/a><\/td><td><em>Blended learning and the New Normal<\/em><\/td><td>Universidade George Washington, USA<\/td><td>19 outubro 2022<\/td><td>Lina Morgado, Ana Loureiro<\/td><\/tr><tr><td>Maristela Midlej<\/td><td><em>O di\u00e1rio-jornal de pesquisa<\/em><\/td><td>Universidade Federal do Sul da Bahia<\/td><td>6 julho 2022<\/td><td>Ant\u00f3nio Quintas-Mendes<\/td><\/tr><tr><td>Edmea Santos<\/td><td><em>Educa\u00e7\u00e3o Online, P\u00f3s-gradua\u00e7\u00e3o, pandemia: Desafios e Oportunidades<\/em><\/td><td>Universidade Rural do Rio de janeiro<\/td><td>28 junho 2022<\/td><td>Ant\u00f3nio Quintas-Mendes<\/td><\/tr><tr><td><br>Dulce Cruz<br>Paula Carolei<\/td><td><em>Educa\u00e7\u00e3o em Jogo &#8211; Doc\u00eancia em Jogo<\/em><\/td><td>Universidade Federal Santa Catarina\/<br>Universidade Federal de S\u00e3o Paulo (UNIFESP<\/td><td>23 mar\u00e7o 2022<\/td><td>Lina Morgado<\/td><\/tr><tr><td>Patr\u00edcia Behar<br>Ana Paiva<br>Carlos Seco<br>Jo\u00e3o Paz<\/td><td><em>Experi\u00eancias de Ensino Remoto<\/em><\/td><td>Univ Algarve<br>Univ. Lisboa<\/td><td>23 fevereiro 2023<\/td><td>Ana Paiva<br>Jo\u00e3o Paz<\/td><\/tr><\/tbody><\/table><\/figure>\n\n\n\n<p><\/p>\n","protected":false},"excerpt":{"rendered":"As LE@D Talks tem uma regularidade mensal. No Per\u00edodo de 2022 a 2023 realizaram-se as seguintes: TalkersT\u00edtuloInstitui\u00e7\u00f5esDataModera\u00e7\u00e3oL\u00facia AmanteMaribel PintoElizabeth SouzaPrograma\u00e7\u00e3o e Rob\u00f3tica Educativa no Pr\u00e9-Escolar e Educa\u00e7\u00e3o B\u00e1sica: Lan\u00e7amento do MOOC KML II.V\u00e1rias6 de dezembro 2023Claudio Delgado MoralesCalidad de la tecnolog\u00eda educativa gamificada: El caso de las aplicaciones m\u00f3viles destinadas a desarrollar h\u00e1bitos saludables en [&hellip;]","protected":false},"author":4,"featured_media":0,"parent":0,"menu_order":0,"comment_status":"closed","ping_status":"closed","template":"","meta":{"footnotes":""},"class_list":["post-1989","page","type-page","status-publish","hentry"],"_links":{"self":[{"href":"https:\/\/lead.uab.pt\/leadtalks\/wp-json\/wp\/v2\/pages\/1989","targetHints":{"allow":["GET"]}}],"collection":[{"href":"https:\/\/lead.uab.pt\/leadtalks\/wp-json\/wp\/v2\/pages"}],"about":[{"href":"https:\/\/lead.uab.pt\/leadtalks\/wp-json\/wp\/v2\/types\/page"}],"author":[{"embeddable":true,"href":"https:\/\/lead.uab.pt\/leadtalks\/wp-json\/wp\/v2\/users\/4"}],"replies":[{"embeddable":true,"href":"https:\/\/lead.uab.pt\/leadtalks\/wp-json\/wp\/v2\/comments?post=1989"}],"version-history":[{"count":17,"href":"https:\/\/lead.uab.pt\/leadtalks\/wp-json\/wp\/v2\/pages\/1989\/revisions"}],"predecessor-version":[{"id":2292,"href":"https:\/\/lead.uab.pt\/leadtalks\/wp-json\/wp\/v2\/pages\/1989\/revisions\/2292"}],"wp:attachment":[{"href":"https:\/\/lead.uab.pt\/leadtalks\/wp-json\/wp\/v2\/media?parent=1989"}],"curies":[{"name":"wp","href":"https:\/\/api.w.org\/{rel}","templated":true}]}}