{"id":1996,"date":"2023-06-04T06:42:25","date_gmt":"2023-06-04T05:42:25","guid":{"rendered":"https:\/\/lead.uab.pt\/leadtalks\/?page_id=1996"},"modified":"2023-06-05T18:15:35","modified_gmt":"2023-06-05T17:15:35","slug":"2020-2021","status":"publish","type":"page","link":"https:\/\/lead.uab.pt\/leadtalks\/2020-2021\/","title":{"rendered":"2021"},"content":{"rendered":"\n<p><\/p>\n\n\n\n<p><\/p>\n\n\n\n<figure class=\"wp-block-table\"><table><tbody><tr><td><strong>Talkers<\/strong><\/td><td><strong>T\u00edtulo<\/strong><\/td><td><strong>Institui\u00e7\u00f5es<\/strong><\/td><td><strong>Data<\/strong><\/td><td><strong>Modera\u00e7\u00e3o<\/strong><\/td><td><strong>S\u00e9rie<\/strong><\/td><\/tr><tr><td>Ricardo Morais<\/td><td><em>Ferramentas de Apoio \u00e0 Investiga\u00e7\u00e3o<\/em><\/td><td>EduPuzzle, Portugal<\/td><td>5 mar\u00e7o 2021<\/td><td>Conselho Coordenador do LE@D<\/td><td>Forma\u00e7\u00e3o Avan\u00e7ada<\/td><\/tr><tr><td>Rocio Jimenes Cortez<\/td><td><em>Medida del Aprendizage en Red<\/em><\/td><td>Universidade de Sevilha, Espanha<\/td><td>28 janeiro 2021<\/td><td>Lu\u00edsa Aires<\/td><td>Forma\u00e7\u00e3o Avan\u00e7ada<\/td><\/tr><\/tbody><\/table><figcaption class=\"wp-element-caption\">#leadtalks2021<\/figcaption><\/figure>\n","protected":false},"excerpt":{"rendered":"TalkersT\u00edtuloInstitui\u00e7\u00f5esDataModera\u00e7\u00e3oS\u00e9rieRicardo MoraisFerramentas de Apoio \u00e0 Investiga\u00e7\u00e3oEduPuzzle, Portugal5 mar\u00e7o 2021Conselho Coordenador do LE@DForma\u00e7\u00e3o Avan\u00e7adaRocio Jimenes CortezMedida del Aprendizage en RedUniversidade de Sevilha, Espanha28 janeiro 2021Lu\u00edsa AiresForma\u00e7\u00e3o Avan\u00e7ada#leadtalks2021","protected":false},"author":4,"featured_media":0,"parent":0,"menu_order":0,"comment_status":"closed","ping_status":"closed","template":"","meta":{"footnotes":""},"class_list":["post-1996","page","type-page","status-publish","hentry"],"_links":{"self":[{"href":"https:\/\/lead.uab.pt\/leadtalks\/wp-json\/wp\/v2\/pages\/1996","targetHints":{"allow":["GET"]}}],"collection":[{"href":"https:\/\/lead.uab.pt\/leadtalks\/wp-json\/wp\/v2\/pages"}],"about":[{"href":"https:\/\/lead.uab.pt\/leadtalks\/wp-json\/wp\/v2\/types\/page"}],"author":[{"embeddable":true,"href":"https:\/\/lead.uab.pt\/leadtalks\/wp-json\/wp\/v2\/users\/4"}],"replies":[{"embeddable":true,"href":"https:\/\/lead.uab.pt\/leadtalks\/wp-json\/wp\/v2\/comments?post=1996"}],"version-history":[{"count":7,"href":"https:\/\/lead.uab.pt\/leadtalks\/wp-json\/wp\/v2\/pages\/1996\/revisions"}],"predecessor-version":[{"id":2112,"href":"https:\/\/lead.uab.pt\/leadtalks\/wp-json\/wp\/v2\/pages\/1996\/revisions\/2112"}],"wp:attachment":[{"href":"https:\/\/lead.uab.pt\/leadtalks\/wp-json\/wp\/v2\/media?parent=1996"}],"curies":[{"name":"wp","href":"https:\/\/api.w.org\/{rel}","templated":true}]}}