{"id":2268,"date":"2025-01-10T07:46:59","date_gmt":"2025-01-10T07:46:59","guid":{"rendered":"https:\/\/lead.uab.pt\/leadtalks\/?page_id=2268"},"modified":"2025-01-10T09:02:49","modified_gmt":"2025-01-10T09:02:49","slug":"2019-2","status":"publish","type":"page","link":"https:\/\/lead.uab.pt\/leadtalks\/2019-2\/","title":{"rendered":"2019"},"content":{"rendered":"\n<figure class=\"wp-block-table\"><table class=\"has-fixed-layout\"><tbody><tr><td>Speaker\u00b4s<\/td><td>T\u00edtulo<\/td><td>Institui\u00e7\u00f5es<\/td><td>Data<\/td><td>Modera\u00e7\u00e3o<\/td><\/tr><tr><td>Mara Mazzardo<\/td><td><em>Recursos Educacionais Abertos: inova\u00e7\u00e3o na produ\u00e7\u00e3o de materiais did\u00e1ticos<\/em><\/td><td>Universidade Federal de Santa Maria (UFSM)<\/td><td>9 de janeiro 2019, 17.00h<\/td><td>Lina Morgado<\/td><\/tr><tr><td>Jo\u00e3o Mattar<\/td><td><em>Desafios Atuais&nbsp; da Educa\u00e7\u00e3o a Dist\u00e2ncia no Brasil<\/em><\/td><td>ABED<\/td><td>9 de Janeiro 2019, 17.00<\/td><td>Lina Morgado<\/td><\/tr><tr><td>Apostolos Kostas<br>Adilson Basquerote<\/td><td> <em>O Uso de Dispositivos M\u00f3veis em Cen\u00e1rios Educativos<\/em><\/td><td>Universidade de Aegean, GR<br>Universidade Estado Santa Catarina, BR<\/td><td>19 de mar\u00e7o 2019, 17.00<\/td><td>Lina Morgado e Teresa Cardoso<\/td><\/tr><tr><td>Teresa Cardoso<\/td><td>&nbsp;<em>Wikip\u00e9dia e Inclus\u00e3o Digital<\/em><\/td><td>LE@D<\/td><td>20 de mar\u00e7o 2019, 15,30h<\/td><td>COINCIDIR<\/td><\/tr><tr><td>Patr\u00edcia Behar<\/td><td><em>Recomenda\u00e7\u00e3o Pedag\u00f3gica em EAD: um olhar a partir das estrat\u00e9gias pedag\u00f3gicas<\/em><\/td><td>Universidade Federal do Rio Grande do Sul<br>(UFRGS), Brasil<\/td><td>18 de outubro, 17.00h<\/td><td>Maria do Carmo Pinto e Daniela Barros<\/td><\/tr><tr><td>Ricardo Valentim<\/td><td><em>Forma\u00e7\u00e3o mediada por Tecnologia e seus impactos nos servi\u00e7os de Sa\u00fade do Brasil<\/em><\/td><td>LAIS, UFRN, Brasil<\/td><td>17 dezembro 2019, 17.00 <\/td><td>Lina Morgado<\/td><\/tr><\/tbody><\/table><\/figure>\n","protected":false},"excerpt":{"rendered":"Speaker\u00b4sT\u00edtuloInstitui\u00e7\u00f5esDataModera\u00e7\u00e3oMara MazzardoRecursos Educacionais Abertos: inova\u00e7\u00e3o na produ\u00e7\u00e3o de materiais did\u00e1ticosUniversidade Federal de Santa Maria (UFSM)9 de janeiro 2019, 17.00hLina MorgadoJo\u00e3o MattarDesafios Atuais&nbsp; da Educa\u00e7\u00e3o a Dist\u00e2ncia no BrasilABED9 de Janeiro 2019, 17.00Lina MorgadoApostolos KostasAdilson Basquerote O Uso de Dispositivos M\u00f3veis em Cen\u00e1rios EducativosUniversidade de Aegean, GRUniversidade Estado Santa Catarina, BR19 de mar\u00e7o 2019, 17.00Lina Morgado [&hellip;]","protected":false},"author":4,"featured_media":0,"parent":0,"menu_order":0,"comment_status":"closed","ping_status":"closed","template":"","meta":{"footnotes":""},"class_list":["post-2268","page","type-page","status-publish","hentry"],"_links":{"self":[{"href":"https:\/\/lead.uab.pt\/leadtalks\/wp-json\/wp\/v2\/pages\/2268","targetHints":{"allow":["GET"]}}],"collection":[{"href":"https:\/\/lead.uab.pt\/leadtalks\/wp-json\/wp\/v2\/pages"}],"about":[{"href":"https:\/\/lead.uab.pt\/leadtalks\/wp-json\/wp\/v2\/types\/page"}],"author":[{"embeddable":true,"href":"https:\/\/lead.uab.pt\/leadtalks\/wp-json\/wp\/v2\/users\/4"}],"replies":[{"embeddable":true,"href":"https:\/\/lead.uab.pt\/leadtalks\/wp-json\/wp\/v2\/comments?post=2268"}],"version-history":[{"count":11,"href":"https:\/\/lead.uab.pt\/leadtalks\/wp-json\/wp\/v2\/pages\/2268\/revisions"}],"predecessor-version":[{"id":2286,"href":"https:\/\/lead.uab.pt\/leadtalks\/wp-json\/wp\/v2\/pages\/2268\/revisions\/2286"}],"wp:attachment":[{"href":"https:\/\/lead.uab.pt\/leadtalks\/wp-json\/wp\/v2\/media?parent=2268"}],"curies":[{"name":"wp","href":"https:\/\/api.w.org\/{rel}","templated":true}]}}