{"id":2132,"date":"2024-12-02T15:11:24","date_gmt":"2024-12-02T15:11:24","guid":{"rendered":"https:\/\/lead.uab.pt\/mov2ead\/?page_id=2132"},"modified":"2026-01-12T18:26:41","modified_gmt":"2026-01-12T18:26:41","slug":"conferencias","status":"publish","type":"page","link":"https:\/\/lead.uab.pt\/mov2ead\/conferencias\/","title":{"rendered":"Confer\u00eancias"},"content":{"rendered":"\n<p class=\"has-large-font-size\"><strong>Confer\u00eancias<\/strong><\/p>\n\n\n\n<p>As confer\u00eancias, workshops, mesas redondas constituem uma das atividades de dissemina\u00e7\u00e3o do projeto.<\/p>\n\n\n\n<p><strong>2025<\/strong><\/p>\n\n\n\n<p>Cardoso, P.; Chagas, L. (2025). Forma\u00e7\u00e3o Pedag\u00f3gica Docente em IA: da Literacia Cr\u00edtica \u00e0 Pr\u00e1tica Transformadora, <em><a href=\"https:\/\/elies.pt\/2025\/\">XIII Encontro de Institui\u00e7\u00f5es e Unidades de eLearning<\/a><\/em>, 12 dezembro, \u00c9vora.<\/p>\n\n\n\n<p>Loureiro, A. et al (2025). Avalia\u00e7\u00e3o e Integridade Acad\u00e9mica em tempos de IAGen: modelo de capacita\u00e7\u00e3o docente, <em><a href=\"https:\/\/elies.pt\/2025\/\">XIII Encontro de Institui\u00e7\u00f5es e Unidades de eLearning<\/a><\/em>, 12 dezembro, \u00c9vora.<\/p>\n\n\n\n<p>Tumbo, D., Morgado, L. (2025). Dimens\u00f5es de Qualidade da EaD e do eLearning no Ensino Superior Mo\u00e7ambicano: Implica\u00e7\u00f5es para a Forma\u00e7\u00e3o Docente e Inova\u00e7\u00e3o com Intelig\u00eancia Artificial, <em><a href=\"https:\/\/elies.pt\/2025\/\">XIII Encontro de Institui\u00e7\u00f5es e Unidades de eLearning<\/a><\/em>, 12 dezembro, \u00c9vora.<\/p>\n\n\n\n<p><\/p>\n\n\n\n<p><strong>2024<\/strong><\/p>\n\n\n\n<p>Alb\u00f3 L, Noguera I, Hern\u00e1ndez-Leo D, Afonso A, Agostini D, Alkhasawneh SN. (2024). FLeD learning design tool: scaffolding flexible scenarios through the use of flipped learning patterns. In: Ferreira Mello R, Rummel N, Jivet I, Pishtari G, Ruip\u00e9rez Valiente JA, (Eds). 19th European Conference on Technology Enhanced Learning EC-TEL 2024, p. 209-215.  September 16-20, Krems, Austria. Cham: Springer;  DOI: 10.1007\/978-3-031-72312-4_29.<\/p>\n\n\n\n<p>Loureiro, A. (2024). Datafica\u00e7\u00e3o e Inova\u00e7\u00e3o Pedag\u00f3gica: o (ainda) breve percurso da UEDIPP do IPSantar\u00e9m, <strong>Poster<\/strong> &#8220;Unidades de EaD e de Inova\u00e7\u00e3o Pedag\u00f3gica: Desafios e Oportunidades&#8221;, <em>XII Encontro de Institui\u00e7\u00f5es e Unidades de eLearning<\/em>, 13 dezembro, Santar\u00e9m 2024.<\/p>\n\n\n\n<p>Loureiro, A. (2024). ICEUTE 2024: \u201cNew Trends and Advances in Teaching and Evaluation Methodologies in Higher Education (ATHE)\u201d<\/p>\n\n\n\n<p>Loureiro, A. (2024). UEDPP do IPSantar\u00e9m: o percurso Mesa Redonda &#8220;Unidades de EaD e de Inova\u00e7\u00e3o Pedag\u00f3gica: Desafios e Oportunidades&#8221;, <em>XII Encontro de Institui\u00e7\u00f5es e Unidades de eLearning<\/em>,  13 dezembro, Santar\u00e9m 2024.<\/p>\n\n\n\n<p>Loureiro, A., Rocha, D. (2024). \u201cIntegra\u00e7\u00e3o da IA na Ci\u00eancia Aberta: converg\u00eancias e diverg\u00eancias\u201d, Modera\u00e7\u00e3o do Painel 3\u00ba Congresso Internacional Literacias no s\u00e9c. XXI., 29 novembro 2024, https:\/\/iccl.ipportalegre.pt\/programa\/programa-do-congresso.<\/p>\n\n\n\n<p>Morgado, L. (2014).  Breve panorama sobre o desenvolvimento das unidades de EAD\/eLearning ao longo do eLIES, Mesa Redonda &#8220;Unidades de EaD e de Inova\u00e7\u00e3o Pedag\u00f3gica: Desafios e Oportunidades&#8221;, <em>XII Encontro de Institui\u00e7\u00f5es e Unidades de eLearning<\/em>,  13 dezembro, Santar\u00e9m 2024.<\/p>\n\n\n\n<p>Morgado, L, Oliveira, T., Afonso, A., Carvalho, I., Ferret, N. (2024). Exploring the role of Digital Assistants and Chatbots as learning companions in Open and Distance Learning.EDULEARN24 Palma, Spain.<\/p>\n\n\n\n<p>Pimentel, L,&nbsp; e Morgado L. (2024). &#8220;Professores digitalmente seguros\u201d e datifica\u00e7\u00e3o: panorama das Compet\u00eancias digitais na \u00e1rea da Seguran\u00e7a Digital, (submetido eLIES24) &#8211; Encontro de Institui\u00e7\u00f5es e Unidades de eLearning, Santar\u00e9m.<\/p>\n\n\n\n<p>Oliveira, N. (2024). Inova\u00e7\u00e3o Pedag\u00f3gica: Desafios e Oportunidades, Mesa Redonda &#8220;Unidades de EaD e de Inova\u00e7\u00e3o Pedag\u00f3gica: Desafios e Oportunidades&#8221;, <em>XII Encontro de Institui\u00e7\u00f5es e Unidades de eLearning<\/em>,  13 dezembro, Santar\u00e9m 2024.<\/p>\n\n\n\n<p>Oliveira, N. R. (2024). Avalia\u00e7\u00e3o 360 no Ensino Superior: Uma Vis\u00e3o Hol\u00edstica<br>da Aprendizagem, CNAPPES 2024, <\/p>\n\n\n\n<p><strong>2023<\/strong><\/p>\n\n\n\n<p>Cardoso, P. &amp; Sousa, A. Aprendizagem baseada em projetos: uma experi\u00eancia interdisciplinar em Turismo. . 9\u00b0 Congresso Nacional de Pr\u00e1ticas Pedag\u00f3gicas no Ensino Superior. CNaPPES23.<\/p>\n\n\n\n<p>Cardoso, P. &amp; Chagas, L. (2023). The potential of artificial intelligence for tourism education. [Paper presentation]. International Tourism Congress &#8211; ITC2023.<\/p>\n\n\n\n<p>Loureiro, A. (2023). O recurso ao MOOC como pr\u00e1tica pedag\u00f3gica inovadora, CNAPES23 &#8211; 9\u00ba Congresso Pr\u00e1ticas Pedag\u00f3gicas no Ensino Superior,  62-64<\/p>\n\n\n\n<p>Loureiro, A., Rocha, D., Messias, I. (2023). Do ensino presencial ao ensino a dist\u00e2ncia: desenho e conce\u00e7\u00e3o do e-Campus do IPSantar\u00e9m, NAPES23 &#8211; 9\u00ba Congresso Pr\u00e1ticas Pedag\u00f3gicas no Ensino Superior,  251-253<\/p>\n\n\n\n<p>Quintas-Mendes, A.,&nbsp;Paiva, A. (2023). Digital Presence and Identity Among Digital Scholars: A Thematic Analysis. WCQR2023 &#8211; 7th World Conference on Qualitative Research,  25-27 Janeiro de 2023, Faro e online, Ludomedia e ESEC\/UALg.&nbsp;<\/p>\n\n\n\n<p>Oliveira, N. R., Pinto, P.R., Reis, A. B. (2023), Intraobserva\u00e7\u00e3o e desenvolvimento profissional de docentes, CNAPES23 &#8211; 9\u00ba Congresso Pr\u00e1ticas Pedag\u00f3gicas no Ensino Superior,  121-122<\/p>\n\n\n\n<p>Oliveira, N. (2023). Oportunidades e desafios \u00e9ticos para a autoria e avalia\u00e7\u00e3o online com recurso \u00e0 IA, XI Encontro de Institui\u00e7\u00f5es e Unidades de eLearning- eLIS2023, UTAD.<\/p>\n\n\n\n<p>Pires, A. Rafael, C., Chagas, L. &amp; Cardoso, P. Proposta de utiliza\u00e7\u00e3o do ChatGPT em Metodologias de Investiga\u00e7\u00e3o.   9\u00b0 Congresso Nacional de Pr\u00e1ticas Pedag\u00f3gicas no Ensino Superior. CNaPPES23.<\/p>\n\n\n\n<p><strong>2022<\/strong><\/p>\n\n\n\n<p>Almeida, A. P., Oliveira, N., R. Paiva, P. (2022). Do presencial ao bLearning: (re)desenho de uma p\u00f3s-gradua\u00e7\u00e3o em Interven\u00e7\u00e3o Assistida por Animais, 2nd International Congress on 21st Century Literacies, 8 July, Santar\u00e9m <a href=\"https:\/\/iccl2022.ipsantarem.pt\/comunicacoes-paralelas\/#paralelas6\">https:\/\/iccl2022.ipsantarem.pt\/comunicacoes-paralelas\/#paralelas6<\/a><\/p>\n\n\n\n<p>Loureiro, A., Morgado, L. (2022). <em>Moving to E@D<\/em>: Estrat\u00e9gias de comunica\u00e7\u00e3o e de adapta\u00e7\u00e3o no ES em Portugal, <a href=\"https:\/\/www.youtube.com\/watch?v=VwdT7mOpe4o\" data-type=\"link\" data-id=\"https:\/\/www.youtube.com\/watch?v=VwdT7mOpe4o\">Educa\u00e7\u00e3o Digital em Rede em tempos de pandemia:  CLA da UAb de Coruche <\/a>| Portugal, 13 julho 2022.<\/p>\n\n\n\n<p>Messias, I., Loureiro, A. (2022). Digital Open Educational Resources \u2013 Teachers\u2019 perceptions of the Pedagogical implications, ICEM, Santar\u00e9m <a href=\"https:\/\/icem2022.ipsantarem.pt\/parallel-sessions\/\">ICEM2022 \u2022 PARALLEL SESSIONS<\/a><\/p>\n\n\n\n<p>Messias, I., Paiva, A., Loureiro, A., Paz, J., Seco, C., Vieira, M., Cardoso, P., Oliveira, N., Mendes, E., Pereira, H., Runa, A, Morgado, L. (2022). Moving to E@D \u2013 Transforma\u00e7\u00e3o digital do ES e ENS em tempo pandemia, 18 de mar\u00e7o de 2022. <em>Le@d MeetUP22 &#8211; 1\u00ba Encontro de Investigadores do LE@D \u2013 Inova\u00e7\u00e3o e Ci\u00eancia<\/em>, Investiga\u00e7\u00e3o e Inova\u00e7\u00e3o, LE@D, Universidade Aberta.<\/p>\n\n\n\n<p>Morgado, L., Loureiro, A., Paiva. A., Runa, A., Seco, C., Mendes, E., Messias, I., Pereira, H., Paz, J., Vieira, M., Oliveira, N.R. , Cardoso, P. (2022). Moving to E@D -Transforma\u00e7\u00e3o digital do ES e ENS em tempo de pandemia, <em>MeetUP2022 &#8211; 1\u00ba Encontro de Investigadores do LE@D- Inova\u00e7\u00e3o e Ci\u00eancia<\/em>,  18-19 mar\u00e7o 2022, Lisboa.<\/p>\n\n\n\n<p>Paiva, A., &amp; Quintas-Mendes, A. (2022). Participatory Culture and Knowledge Sharing among Teachers and Researchers, <em>ICEM Conference 2022: Moving on towards \u2018new normal\u2019 in education<\/em>, 14 de Outubro de 2022, Instituto Polit\u00e9cnico de Santar\u00e9m.<\/p>\n\n\n\n<p>Paiva, A., Paz, J., Seco, C. (2022). <em>Emerg\u00eancia no ensino superior: o caso da viv\u00eancia emocional dos estudantes<\/em>, LE@D Talk, 23 de Fevereiro 2022 &nbsp;<a href=\"https:\/\/bit.ly\/LEaDTalk23fev\">https:\/\/bit.ly\/LEaDTalk23fev<\/a>, <a href=\"https:\/\/lead.uab.pt\/led-talk-experiencias-no-ensino-remoto-patricia-behar\/\">LE@D Talk | Experi\u00eancias no Ensino Remoto | Patr\u00edcia Behar | LEAD<\/a><\/p>\n\n\n\n<p><strong>2021<\/strong><\/p>\n\n\n\n<p>Cardoso, P., Paiva, A., Loureiro, A., Runa, A., Seco, C., Mendes, E., Pereira, H., Messias, I., Paz, J., Morgado, L., Vieira, M., Oliveira, N.R,.  (2021). Online communication and interaction during the COVID-19 pandemic: Perceptions of tourism higher education faculty and students,  <a href=\"http:\/\/itc2021.eshte.pt\/blog\/\" data-type=\"link\" data-id=\"http:\/\/itc2021.eshte.pt\/blog\/\"><em>XVIII  International Tourism Congress<\/em><\/a>, 28-29th October,  Estoril-Portugal.<\/p>\n\n\n\n<p>Loureiro, A., Vieira, M., Oliveira, N.R., Morgado, L., Runa, A., Seco, C., Cardoso, P., Messias, I., Paz, J., Pereira, H., Paiva, A., Mendes, E. (2021)<strong>. <\/strong>Tecnologias e estrat\u00e9gias de comunica\u00e7\u00e3o online durante a pandemia Covid-19: o Caso das Institui\u00e7\u00f5es de Ensino Superior em Portugal, C<em>onfer\u00eancia  Challenges 21, Desafios do Digital<\/em>: Braga: Universidade de Minho.<\/p>\n\n\n\n<p>Martins, D., Morgado, L. (2021). Ensinar a dist\u00e2ncia em tempos de incerteza: o que dizem os docentes sobre o seu papel (S01-13), In <em>IX CICID Congreso Internacional de Investigaci\u00f3n en Comunicaci\u00f3n e Informaci\u00f3n Digital. Simposio El espacio de la ense\u00f1anza en la nueva normalidad: reaprender a ense\u00f1ar<\/em>, 11-12 de noviembre de 2021, <a href=\"https:\/\/2021.cicid.es\">https:\/\/2021.cicid.es<\/a>.<\/p>\n\n\n\n<p>Morgado, L. (2021). Trabalho Docente em EaD num mundo digital, Comunica\u00e7\u00e3o IX Encontro de Institui\u00e7\u00f5es e Unidades de eLearning, eLIES2021 &#8211; Encontro de Institui\u00e7\u00f5es e Unidades de eLearning &#8211; Painel III: Desafios da Educa\u00e7\u00e3o a Dist\u00e2ncia na Era Digital, 10 de dezembro, Instituto Polit\u00e9cnico de Tomar, Online.<\/p>\n\n\n\n<p>Morgado, L., Paz, J., Pereira, H., Loureiro, A., Messias, I., Cardoso, P., Paiva, A., Runa, A., Seco, C., Mendes, E., Vieira, M., &amp; Oliveira\u200b, N. (2021). Online communication and assessment practices during the covid pandemic: a study of the Portuguese higher education students\u2019 perceptions. <em>EDEN 2021 Annual Conference  -Lessons from a Pandemic for the Future of Education<\/em>, Madrid. Spain.<\/p>\n\n\n\n<p>Rocha, A., Afonso, A. Spilker, M., Morgado, L. (2021). Forma\u00e7\u00e3o de Professores para a Transforma\u00e7\u00e3o Digital: A oportunidade p\u00f3s-pand\u00e9mica, C<em>onfer\u00eancia  Challenges 21, Desafios do Digital<\/em>: Braga: Universidade de Minho.<\/p>\n\n\n\n<p><strong>2020<\/strong><\/p>\n\n\n\n<p>Morgado, L., Aires, L., Paz, J., Afonso, A. P.. Loureiro, A., Messias, I., Oliveira, N.R. (2020). Digital Transformation in Higher Education: Challenges and Contradictions, <em>Atas da 10\u00aa Confer\u00eancia FORGES<\/em>, 18-20 novembro 2020, Universidade de \u00c9vora.<\/p>\n\n\n\n<p>Afonso, A., Rocha, A., Spilker, M. J., Morgado, L. (2020). Scaffolding Teachers into Distance Learning in Pandemic Times: From Emergency Remote Learning to sustained Distance Learning, <a href=\"https:\/\/www.worldcces.org\/3rd-wcces-symposium-virtually-through-zoom-25-27-nov-2020.html\">3rd WCCES Symposium \u2013 World Council of Comparative Education Societies:<\/a> <a href=\"https:\/\/www.worldcces.org\/3rd-wcces-symposium-virtually-through-zoom-25-27-nov-2020.html\">Teachers, Teaching Profession, and Comparative Education:Fostering Values Education and Engaging Academic Freedom, <\/a>Lisbon, 25-27 Nov. 2020, 25 November, Universidade Lus\u00f3fona, Lisbon.<\/p>\n\n\n\n<p>Martins, D., Morgado, L. (2020). Teaching Online: voices, roles and competencies in distance learning in pandemic times, <a href=\"https:\/\/www.worldcces.org\/3rd-wcces-symposium-virtually-through-zoom-25-27-nov-2020.html\">3rd WCCES Symposium \u2013 World Council of Comparative Education Societies:<\/a> <a href=\"https:\/\/www.worldcces.org\/3rd-wcces-symposium-virtually-through-zoom-25-27-nov-2020.html\">Teachers, Teaching Profession, and Comparative Education:Fostering Values Education and Engaging Academic Freedom, <\/a>Lisbon, 25-27 Nov. 2020.<\/p>\n\n\n\n<p>Paiva, A., Runa, A., Seco, C., Mendes, E., Pereira, H., Paz, J., Morgado, L., Vieira, M., Cardoso, P. (2020). &#8220;Suddenly we are all online&#8221;: Perceptions and Practices experienced by faculty and students during emergency teaching&#8221;. 11th EDEN Research Workshop, 21-23 October 2020, Lisbon.<\/p>\n\n\n\n<p><\/p>\n\n\n\n<p><\/p>\n","protected":false},"excerpt":{"rendered":"Confer\u00eancias As confer\u00eancias, workshops, mesas redondas constituem uma das atividades de dissemina\u00e7\u00e3o do projeto. 2025 Cardoso, P.; Chagas, L. (2025). Forma\u00e7\u00e3o Pedag\u00f3gica Docente em IA: da Literacia Cr\u00edtica \u00e0 Pr\u00e1tica Transformadora, XIII Encontro de Institui\u00e7\u00f5es e Unidades de eLearning, 12 dezembro, \u00c9vora. Loureiro, A. et al (2025). Avalia\u00e7\u00e3o e Integridade Acad\u00e9mica em tempos de IAGen: [&hellip;]","protected":false},"author":4,"featured_media":0,"parent":0,"menu_order":0,"comment_status":"closed","ping_status":"closed","template":"","meta":{"footnotes":""},"class_list":["post-2132","page","type-page","status-publish","hentry"],"_links":{"self":[{"href":"https:\/\/lead.uab.pt\/mov2ead\/wp-json\/wp\/v2\/pages\/2132","targetHints":{"allow":["GET"]}}],"collection":[{"href":"https:\/\/lead.uab.pt\/mov2ead\/wp-json\/wp\/v2\/pages"}],"about":[{"href":"https:\/\/lead.uab.pt\/mov2ead\/wp-json\/wp\/v2\/types\/page"}],"author":[{"embeddable":true,"href":"https:\/\/lead.uab.pt\/mov2ead\/wp-json\/wp\/v2\/users\/4"}],"replies":[{"embeddable":true,"href":"https:\/\/lead.uab.pt\/mov2ead\/wp-json\/wp\/v2\/comments?post=2132"}],"version-history":[{"count":20,"href":"https:\/\/lead.uab.pt\/mov2ead\/wp-json\/wp\/v2\/pages\/2132\/revisions"}],"predecessor-version":[{"id":2437,"href":"https:\/\/lead.uab.pt\/mov2ead\/wp-json\/wp\/v2\/pages\/2132\/revisions\/2437"}],"wp:attachment":[{"href":"https:\/\/lead.uab.pt\/mov2ead\/wp-json\/wp\/v2\/media?parent=2132"}],"curies":[{"name":"wp","href":"https:\/\/api.w.org\/{rel}","templated":true}]}}