{"id":2013,"date":"2023-12-07T09:49:58","date_gmt":"2023-12-07T09:49:58","guid":{"rendered":"https:\/\/lead.uab.pt\/oblid\/?page_id=2013"},"modified":"2024-07-17T15:13:24","modified_gmt":"2024-07-17T14:13:24","slug":"inicio","status":"publish","type":"page","link":"https:\/\/lead.uab.pt\/oblid\/","title":{"rendered":"IN\u00cdCIO"},"content":{"rendered":"\n<h2 class=\"wp-block-heading has-large-font-size\">Welcome to the ObLID Network<\/h2>\n\n\n\n<p class=\"has-medium-font-size\">Research and Intervention Network for Digital Literacy and Inclusion<\/p>\n\n\n\n<div class=\"wp-block-columns is-layout-flex wp-container-core-columns-is-layout-1 wp-block-columns-is-layout-flex\">\n<div class=\"wp-block-column is-layout-flow wp-block-column-is-layout-flow\" style=\"flex-basis:33%\">\n<figure class=\"wp-block-image size-large\"><img loading=\"lazy\" decoding=\"async\" width=\"1024\" height=\"441\" src=\"https:\/\/lead.uab.pt\/oblid\/wp-content\/uploads\/sites\/21\/2023\/12\/redeOblidPNG-1024x441.png\" alt=\"\" class=\"wp-image-2114\"\/><\/figure>\n<\/div>\n\n\n\n<div class=\"wp-block-column is-layout-flow wp-block-column-is-layout-flow\" style=\"flex-basis:66%\">\n<p>The ObLID Network &#8211; Research and Intervention Network for Digital Literacy and Inclusion<br>(Rede de Investiga\u00e7\u00e3o e Interven\u00e7\u00e3o para a Literacia e a Inclus\u00e3o Digital) brings together a<br>community of collective and individual agents and is geared towards research and intervention<br>in the field of Digital Citizenship and Participation. Based at the Universidade Aberta-LE@D, the<br>ObLID Network also counts on researchers from the University of Deusto (Spain) and the<br>participation of municipalities, inter-municipal communities, associations, NGOs and other<br>organisations involved in this field. The ObLID Network was also a member of the ITC and Society<br>Network.<br> ___________<\/p>\n\n\n\n<p>A Rede de Investiga\u00e7\u00e3o e Interven\u00e7\u00e3o para a Literacia e a Inclus\u00e3o Digital (Rede ObLID) agrega uma comunidade de agentes coletivos e individuais e est\u00e1 vocacionada para a Investiga\u00e7\u00e3o e a Interven\u00e7\u00e3o no dom\u00ednio da Cidadania e Participa\u00e7\u00e3o Digital. Sediada na Universidade Aberta-LE@D, a Rede ObLID \u00e9 tamb\u00e9m dinamizada por investigadores da Universidade de Deusto (Espanha) e conta com a participa\u00e7\u00e3o de Munic\u00edpios, Comunidades Intermunicipais, Associa\u00e7\u00f5es, ONG\u00b4s, e outras organiza\u00e7\u00f5es que interv\u00eam neste campo. A Rede ObLID foi tamb\u00e9m membro da Rede Tic e Sociedade.<\/p>\n<\/div>\n<\/div>\n","protected":false},"excerpt":{"rendered":"Welcome to the ObLID Network Research and Intervention Network for Digital Literacy and Inclusion The ObLID Network &#8211; Research and Intervention Network for Digital Literacy and Inclusion(Rede de Investiga\u00e7\u00e3o e Interven\u00e7\u00e3o para a Literacia e a Inclus\u00e3o Digital) brings together acommunity of collective and individual agents and is geared towards research and interventionin the field [&hellip;]","protected":false},"author":31,"featured_media":0,"parent":0,"menu_order":0,"comment_status":"closed","ping_status":"closed","template":"","meta":{"footnotes":""},"class_list":["post-2013","page","type-page","status-publish","hentry"],"_links":{"self":[{"href":"https:\/\/lead.uab.pt\/oblid\/wp-json\/wp\/v2\/pages\/2013","targetHints":{"allow":["GET"]}}],"collection":[{"href":"https:\/\/lead.uab.pt\/oblid\/wp-json\/wp\/v2\/pages"}],"about":[{"href":"https:\/\/lead.uab.pt\/oblid\/wp-json\/wp\/v2\/types\/page"}],"author":[{"embeddable":true,"href":"https:\/\/lead.uab.pt\/oblid\/wp-json\/wp\/v2\/users\/31"}],"replies":[{"embeddable":true,"href":"https:\/\/lead.uab.pt\/oblid\/wp-json\/wp\/v2\/comments?post=2013"}],"version-history":[{"count":20,"href":"https:\/\/lead.uab.pt\/oblid\/wp-json\/wp\/v2\/pages\/2013\/revisions"}],"predecessor-version":[{"id":2301,"href":"https:\/\/lead.uab.pt\/oblid\/wp-json\/wp\/v2\/pages\/2013\/revisions\/2301"}],"wp:attachment":[{"href":"https:\/\/lead.uab.pt\/oblid\/wp-json\/wp\/v2\/media?parent=2013"}],"curies":[{"name":"wp","href":"https:\/\/api.w.org\/{rel}","templated":true}]}}

INÍCIO

<h2 class="wp-block-heading has-large-font-size">Welcome to the ObLID Network</h2>



<p class="has-medium-font-size">Research and Intervention Network for Digital Literacy and Inclusion</p>



<div class="wp-block-columns is-layout-flex wp-container-core-columns-is-layout-1 wp-block-columns-is-layout-flex">
<div class="wp-block-column is-layout-flow wp-block-column-is-layout-flow" style="flex-basis:33%">
<figure class="wp-block-image size-large"><img loading="lazy" decoding="async" width="1024" height="441" src="https://lead.uab.pt/oblid/wp-content/uploads/sites/21/2023/12/redeOblidPNG-1024x441.png" alt="" class="wp-image-2114"/></figure>
</div>



<div class="wp-block-column is-layout-flow wp-block-column-is-layout-flow" style="flex-basis:66%">
<p>The ObLID Network &#8211; Research and Intervention Network for Digital Literacy and Inclusion<br>(Rede de Investigação e Intervenção para a Literacia e a Inclusão Digital) brings together a<br>community of collective and individual agents and is geared towards research and intervention<br>in the field of Digital Citizenship and Participation. Based at the Universidade Aberta-LE@D, the<br>ObLID Network also counts on researchers from the University of Deusto (Spain) and the<br>participation of municipalities, inter-municipal communities, associations, NGOs and other<br>organisations involved in this field. The ObLID Network was also a member of the ITC and Society<br>Network.<br> ___________</p>



<p>A Rede de Investigação e Intervenção para a Literacia e a Inclusão Digital (Rede ObLID) agrega uma comunidade de agentes coletivos e individuais e está vocacionada para a Investigação e a Intervenção no domínio da Cidadania e Participação Digital. Sediada na Universidade Aberta-LE@D, a Rede ObLID é também dinamizada por investigadores da Universidade de Deusto (Espanha) e conta com a participação de Municípios, Comunidades Intermunicipais, Associações, ONG´s, e outras organizações que intervêm neste campo. A Rede ObLID foi também membro da Rede Tic e Sociedade.</p>
</div>
</div>

Welcome to the ObLID Network Research and Intervention Network for Digital Literacy and Inclusion The ObLID Network &#8211; Research and Intervention Network for Digital Literacy and Inclusion(Rede de Investigação e Intervenção para a Literacia e a Inclusão Digital) brings together acommunity of collective and individual agents and is geared towards research and interventionin the field [&hellip;]
