{"id":2234,"date":"2024-03-07T14:29:33","date_gmt":"2024-03-07T14:29:33","guid":{"rendered":"https:\/\/lead.uab.pt\/oblid\/?page_id=2234"},"modified":"2024-03-07T14:29:33","modified_gmt":"2024-03-07T14:29:33","slug":"eixos-tematicos","status":"publish","type":"page","link":"https:\/\/lead.uab.pt\/oblid\/coincidir\/eixos-tematicos\/","title":{"rendered":"Eixos Tem\u00e1ticos"},"content":{"rendered":"\n<h2 class=\"wp-block-heading\">Eixos Tem\u00e1ticos<\/h2>\n\n\n\n<p>O ciclo de confer\u00eancias online \u201cCO(I)NCIDIR- Construir a cidadania digital na rede\u201d privilegia as seguintes tem\u00e1ticas:<\/p>\n\n\n\n<p>\u2013 A Internet na Vida Quotidiana<br>\u2013 Revisitar as problem\u00e1ticas da Literacia e Inclus\u00e3o Digital<br>\u2013 Boas Pr\u00e1ticas de Inclus\u00e3o Digital<br>\u2013 Alfabetiza\u00e7\u00e3o Medi\u00e1tica e Inova\u00e7\u00e3o<br>\u2013 Inclus\u00e3o digital e grupos diversos<br>\u2013 Cidadania Digital: Novos desafios?<\/p>\n","protected":false},"excerpt":{"rendered":"Eixos Tem\u00e1ticos O ciclo de confer\u00eancias online \u201cCO(I)NCIDIR- Construir a cidadania digital na rede\u201d privilegia as seguintes tem\u00e1ticas: \u2013 A Internet na Vida Quotidiana\u2013 Revisitar as problem\u00e1ticas da Literacia e Inclus\u00e3o Digital\u2013 Boas Pr\u00e1ticas de Inclus\u00e3o Digital\u2013 Alfabetiza\u00e7\u00e3o Medi\u00e1tica e Inova\u00e7\u00e3o\u2013 Inclus\u00e3o digital e grupos diversos\u2013 Cidadania Digital: Novos desafios?","protected":false},"author":31,"featured_media":0,"parent":2221,"menu_order":0,"comment_status":"closed","ping_status":"closed","template":"","meta":{"footnotes":""},"class_list":["post-2234","page","type-page","status-publish","hentry"],"_links":{"self":[{"href":"https:\/\/lead.uab.pt\/oblid\/wp-json\/wp\/v2\/pages\/2234","targetHints":{"allow":["GET"]}}],"collection":[{"href":"https:\/\/lead.uab.pt\/oblid\/wp-json\/wp\/v2\/pages"}],"about":[{"href":"https:\/\/lead.uab.pt\/oblid\/wp-json\/wp\/v2\/types\/page"}],"author":[{"embeddable":true,"href":"https:\/\/lead.uab.pt\/oblid\/wp-json\/wp\/v2\/users\/31"}],"replies":[{"embeddable":true,"href":"https:\/\/lead.uab.pt\/oblid\/wp-json\/wp\/v2\/comments?post=2234"}],"version-history":[{"count":1,"href":"https:\/\/lead.uab.pt\/oblid\/wp-json\/wp\/v2\/pages\/2234\/revisions"}],"predecessor-version":[{"id":2235,"href":"https:\/\/lead.uab.pt\/oblid\/wp-json\/wp\/v2\/pages\/2234\/revisions\/2235"}],"up":[{"embeddable":true,"href":"https:\/\/lead.uab.pt\/oblid\/wp-json\/wp\/v2\/pages\/2221"}],"wp:attachment":[{"href":"https:\/\/lead.uab.pt\/oblid\/wp-json\/wp\/v2\/media?parent=2234"}],"curies":[{"name":"wp","href":"https:\/\/api.w.org\/{rel}","templated":true}]}}