{"id":1959,"date":"2023-05-05T21:41:28","date_gmt":"2023-05-05T20:41:28","guid":{"rendered":"https:\/\/lead.uab.pt\/obvspa\/?page_id=1959"},"modified":"2023-09-12T19:28:35","modified_gmt":"2023-09-12T18:28:35","slug":"artigos","status":"publish","type":"page","link":"https:\/\/lead.uab.pt\/obvspa\/artigos\/","title":{"rendered":"Artigos em Revistas"},"content":{"rendered":"\n<h4 class=\"wp-block-heading\"><strong>Artigos em Revistas<\/strong><\/h4>\n\n\n\n<p>Foram publicados artigos em revistas nacionais e internacionais:<\/p>\n\n\n\n<p>Oliveira, C. &amp; Oliveira, I. (2021). A compreens\u00e3o das lideran\u00e7as no desenvolvimento profissional dos professores. <em>Revista Portuguesa de Investiga\u00e7\u00e3o  Educacional<\/em>, 22, 1-18. <a rel=\"noreferrer noopener\" href=\"https:\/\/doi.org\/10.34632\/investigacaoeducacional.2021.10468\" target=\"_blank\">https:\/\/doi.org\/10.34632\/investigacaoeducacional.2021.10468<\/a>\u00a0<\/p>\n\n\n\n<p>Oliveira, I., Miranda, B. &amp; Barreira, C. (2020) . A constru\u00e7\u00e3o de comunidades virtuais de aprendizagem na forma\u00e7\u00e3o de supervisores e l\u00edderes pedag\u00f3gicos. RE@D \u2013 <em><a href=\"http:\/\/hdl.handle.net\/10400.2\/9788\" data-type=\"URL\" data-id=\"http:\/\/hdl.handle.net\/10400.2\/9788\">Revista de Educa\u00e7\u00e3o a Dist\u00e2ncia e eLearning<\/a><\/em>,  3, (1), 19-36, <a href=\"https:\/\/doi.org\/10.34627\/re@d_le@d.v3i1.175 \">https:\/\/doi.org\/10.34627\/re@d_le@d.v3i1.175 <\/a><\/p>\n\n\n\n<p>Cabral, M. A. &amp; Oliveira, I. (2019). Identidade (s), mudan\u00e7a e desenvolvimento profissional. <em>Investigar em Educa\u00e7\u00e3o<\/em>, II S\u00e9rie 9\/10, 47-57.\u00a0<\/p>\n\n\n\n<p>Oliveira, I. (2019). A lideran\u00e7a em cen\u00e1rios de supervis\u00e3o escolar &#8211; Intera\u00e7\u00e3o e pr\u00e1ticas de trabalho colaborativo.<strong>\u00a0<\/strong><em><a rel=\"noreferrer noopener\" href=\"https:\/\/www.madeira.gov.pt\/\/Portals\/15\/documentos\/1_DRE\/PaginaPrincipal\/Publicacoes\/PublicacoesDRE\/Revista_Diversidades\/Revista%20Diversidades%2054.pdf\" data-type=\"URL\" data-id=\"https:\/\/www.madeira.gov.pt\/\/Portals\/15\/documentos\/1_DRE\/PaginaPrincipal\/Publicacoes\/PublicacoesDRE\/Revista_Diversidades\/Revista%20Diversidades%2054.pdf\" target=\"_blank\">Diversidades<\/a>, <\/em>54, 37-40.\u00a0<\/p>\n\n\n\n<p>Oliveira, I. (2017). A Escola, a Supervis\u00e3o Pedag\u00f3gica e as Tecnologias Digitais. <em>Revista<\/em> <em>ELO<\/em>, 24, julho, 59-66.\u00a0<\/p>\n\n\n\n<p>Oliveira, I. &amp; Courela, C. (2016). Pr\u00e1ticas de lideran\u00e7a em contextos online: Um estudo de caso. <em><a href=\"https:\/\/seer.ufrgs.br\/index.php\/renote\/issue\/view\/2864\" data-type=\"URL\" data-id=\"https:\/\/seer.ufrgs.br\/index.php\/renote\/issue\/view\/2864\" target=\"_blank\" rel=\"noreferrer noopener\">RENOTE<\/a><\/em>, 14(1), 1-10. <a rel=\"noreferrer noopener\" href=\"http:\/\/seer.ufrgs.br\/index.php\/renote\/article\/view\/67328\" target=\"_blank\">http:\/\/seer.ufrgs.br\/index.php\/renote\/article\/view\/67328<\/a>&nbsp;<\/p>\n","protected":false},"excerpt":{"rendered":"Artigos em Revistas Foram publicados artigos em revistas nacionais e internacionais: Oliveira, C. &amp; Oliveira, I. (2021). A compreens\u00e3o das lideran\u00e7as no desenvolvimento profissional dos professores. Revista Portuguesa de Investiga\u00e7\u00e3o Educacional, 22, 1-18. https:\/\/doi.org\/10.34632\/investigacaoeducacional.2021.10468\u00a0 Oliveira, I., Miranda, B. &amp; Barreira, C. (2020) . A constru\u00e7\u00e3o de comunidades virtuais de aprendizagem na forma\u00e7\u00e3o de supervisores e [&hellip;]","protected":false},"author":4,"featured_media":0,"parent":0,"menu_order":0,"comment_status":"closed","ping_status":"closed","template":"","meta":{"footnotes":""},"class_list":["post-1959","page","type-page","status-publish","hentry"],"_links":{"self":[{"href":"https:\/\/lead.uab.pt\/obvspa\/wp-json\/wp\/v2\/pages\/1959","targetHints":{"allow":["GET"]}}],"collection":[{"href":"https:\/\/lead.uab.pt\/obvspa\/wp-json\/wp\/v2\/pages"}],"about":[{"href":"https:\/\/lead.uab.pt\/obvspa\/wp-json\/wp\/v2\/types\/page"}],"author":[{"embeddable":true,"href":"https:\/\/lead.uab.pt\/obvspa\/wp-json\/wp\/v2\/users\/4"}],"replies":[{"embeddable":true,"href":"https:\/\/lead.uab.pt\/obvspa\/wp-json\/wp\/v2\/comments?post=1959"}],"version-history":[{"count":9,"href":"https:\/\/lead.uab.pt\/obvspa\/wp-json\/wp\/v2\/pages\/1959\/revisions"}],"predecessor-version":[{"id":2088,"href":"https:\/\/lead.uab.pt\/obvspa\/wp-json\/wp\/v2\/pages\/1959\/revisions\/2088"}],"wp:attachment":[{"href":"https:\/\/lead.uab.pt\/obvspa\/wp-json\/wp\/v2\/media?parent=1959"}],"curies":[{"name":"wp","href":"https:\/\/api.w.org\/{rel}","templated":true}]}}