{"id":1968,"date":"2023-05-05T22:01:08","date_gmt":"2023-05-05T21:01:08","guid":{"rendered":"https:\/\/lead.uab.pt\/obvspa\/?page_id=1968"},"modified":"2023-09-12T19:33:13","modified_gmt":"2023-09-12T18:33:13","slug":"livros-capitulos","status":"publish","type":"page","link":"https:\/\/lead.uab.pt\/obvspa\/livros-capitulos\/","title":{"rendered":"Livros &#038; Cap\u00edtulos"},"content":{"rendered":"\n<h3 class=\"wp-block-heading\"><strong>Livros<\/strong> &amp; <strong>Cap\u00edtulos<\/strong><\/h3>\n\n\n\n<h4 class=\"wp-block-heading\"><strong>Livros<\/strong><\/h4>\n\n\n\n<p>Barreira, C. &amp; Oliveira, I. (Eds.) (2021).<em> Supervis\u00e3o e desenvolvimento profissional docente<\/em>. Cole\u00e7\u00e3o ebookLead. LE@D, Universidade Aberta, <a href=\"https:\/\/doi.org\/10.34627\/leadw.2021.2\">https:\/\/doi.org\/10.34627\/leadw.2021.2<\/a><\/p>\n\n\n\n<p>Queiroga, L. C., Barreira, C., &amp; Oliveira, A. L. (2019). <em>Supervis\u00e3o Pedag\u00f3gica e desempenho Docente. <\/em>Lisboa: Chiado Books.\u00a0<\/p>\n\n\n\n<p>Oliveira, I. &amp; Henriques, S. (2017) (org.). <em>Investiga\u00e7\u00e3o a\u00e7\u00e3o em pr\u00e1ticas de lideran\u00e7a educacional<\/em>. Lisboa: Universidade Aberta. eUAB Cole\u00e7\u00e3o Universit\u00e1ria.&nbsp; <a href=\"https:\/\/repositorioaberto.uab.pt\/handle\/10400.2\/7315\">https:\/\/repositorioaberto.uab.pt\/handle\/10400.2\/7315<\/a><\/p>\n\n\n\n<h4 class=\"wp-block-heading\"><strong>Cap\u00edtulos de Livros<\/strong><\/h4>\n\n\n\n<p>Miranda, B., Barreira, C., Bidarra, G., Oliveira, I., Amante, L., Vaz, P., Henriques, S. &amp; Pessoa, T. (2022).\u00a0 Observat\u00f3rio virtual sobre supervis\u00e3o pedag\u00f3gica e autoavalia\u00e7\u00e3o de escolas \u2013 trajeto e resultados. In L. Morgado, M. L. Aires, F. Seabra, J. Paz, &amp; A. Rocha (Orgs).<em> Investiga\u00e7\u00e3o e Inova\u00e7\u00e3o no LE@D: Atores e Projetos em 2021-2022<\/em> (pp.40-46). LE@D, Universidade Aberta. <a rel=\"noreferrer noopener\" href=\"https:\/\/doi.org\/10.34627\/leadw.2022.3\" target=\"_blank\">https:\/\/doi.org\/10.34627\/leadw.2022.3<\/a>\u00a0<\/p>\n\n\n\n<p>Bidarra, M. G., Africano, M., Vaz-Rebelo M. P., Barreira, C., &amp; Valentim R. A. (2018). Conce\u00e7\u00f5es e pr\u00e1ticas de supervis\u00e3o pedag\u00f3gica: Resultados Preliminares de um estudo em escolas portuguesas. In A. Carneiro-Barrera &amp; A. D\u00edaz-Rom\u00e1n (Coords.). <em>Avances en Ciencias de la Educaci\u00f3n Y Del Desarrollo,<\/em> (pp. 872- 881). Universidad de Granada: Asociaci\u00f3n Espa\u00f1ola de Psicolog\u00eda Conductual (AEPF).\u00a0<\/p>\n\n\n\n<p>Oliveira, I. (2018). Lideran\u00e7a(s) e a inova\u00e7\u00e3o tecnol\u00f3gica. In L. Grave, G. Bastos &amp; I. Oliveira (Orgs.), <em>Lideran\u00e7as e inova\u00e7\u00e3o em contextos educativos<\/em> (pp. 21-41). Lisboa: Universidade Aberta, EaD e eLearning n\u00ba 4. <a href=\"http:\/\/hdl.handle.net\/10400.2\/7396\" target=\"_blank\" rel=\"noreferrer noopener\">http:\/\/hdl.handle.net\/10400.2\/7396<\/a>&nbsp;<\/p>\n","protected":false},"excerpt":{"rendered":"Livros &amp; Cap\u00edtulos Livros Barreira, C. &amp; Oliveira, I. (Eds.) (2021). Supervis\u00e3o e desenvolvimento profissional docente. Cole\u00e7\u00e3o ebookLead. LE@D, Universidade Aberta, https:\/\/doi.org\/10.34627\/leadw.2021.2 Queiroga, L. C., Barreira, C., &amp; Oliveira, A. L. (2019). Supervis\u00e3o Pedag\u00f3gica e desempenho Docente. Lisboa: Chiado Books.\u00a0 Oliveira, I. &amp; Henriques, S. (2017) (org.). Investiga\u00e7\u00e3o a\u00e7\u00e3o em pr\u00e1ticas de lideran\u00e7a educacional. Lisboa: [&hellip;]","protected":false},"author":4,"featured_media":0,"parent":0,"menu_order":0,"comment_status":"closed","ping_status":"closed","template":"","meta":{"footnotes":""},"class_list":["post-1968","page","type-page","status-publish","hentry"],"_links":{"self":[{"href":"https:\/\/lead.uab.pt\/obvspa\/wp-json\/wp\/v2\/pages\/1968","targetHints":{"allow":["GET"]}}],"collection":[{"href":"https:\/\/lead.uab.pt\/obvspa\/wp-json\/wp\/v2\/pages"}],"about":[{"href":"https:\/\/lead.uab.pt\/obvspa\/wp-json\/wp\/v2\/types\/page"}],"author":[{"embeddable":true,"href":"https:\/\/lead.uab.pt\/obvspa\/wp-json\/wp\/v2\/users\/4"}],"replies":[{"embeddable":true,"href":"https:\/\/lead.uab.pt\/obvspa\/wp-json\/wp\/v2\/comments?post=1968"}],"version-history":[{"count":10,"href":"https:\/\/lead.uab.pt\/obvspa\/wp-json\/wp\/v2\/pages\/1968\/revisions"}],"predecessor-version":[{"id":2093,"href":"https:\/\/lead.uab.pt\/obvspa\/wp-json\/wp\/v2\/pages\/1968\/revisions\/2093"}],"wp:attachment":[{"href":"https:\/\/lead.uab.pt\/obvspa\/wp-json\/wp\/v2\/media?parent=1968"}],"curies":[{"name":"wp","href":"https:\/\/api.w.org\/{rel}","templated":true}]}}

Livros &#038; Capítulos

<h3 class="wp-block-heading"><strong>Livros</strong> &amp; <strong>Capítulos</strong></h3>



<h4 class="wp-block-heading"><strong>Livros</strong></h4>



<p>Barreira, C. &amp; Oliveira, I. (Eds.) (2021).<em> Supervisão e desenvolvimento profissional docente</em>. Coleção ebookLead. LE@D, Universidade Aberta, <a href="https://doi.org/10.34627/leadw.2021.2">https://doi.org/10.34627/leadw.2021.2</a></p>



<p>Queiroga, L. C., Barreira, C., &amp; Oliveira, A. L. (2019). <em>Supervisão Pedagógica e desempenho Docente. </em>Lisboa: Chiado Books. </p>



<p>Oliveira, I. &amp; Henriques, S. (2017) (org.). <em>Investigação ação em práticas de liderança educacional</em>. Lisboa: Universidade Aberta. eUAB Coleção Universitária.&nbsp; <a href="https://repositorioaberto.uab.pt/handle/10400.2/7315">https://repositorioaberto.uab.pt/handle/10400.2/7315</a></p>



<h4 class="wp-block-heading"><strong>Capítulos de Livros</strong></h4>



<p>Miranda, B., Barreira, C., Bidarra, G., Oliveira, I., Amante, L., Vaz, P., Henriques, S. &amp; Pessoa, T. (2022).  Observatório virtual sobre supervisão pedagógica e autoavaliação de escolas – trajeto e resultados. In L. Morgado, M. L. Aires, F. Seabra, J. Paz, &amp; A. Rocha (Orgs).<em> Investigação e Inovação no LE@D: Atores e Projetos em 2021-2022</em> (pp.40-46). LE@D, Universidade Aberta. <a rel="noreferrer noopener" href="https://doi.org/10.34627/leadw.2022.3" target="_blank">https://doi.org/10.34627/leadw.2022.3</a> </p>



<p>Bidarra, M. G., Africano, M., Vaz-Rebelo M. P., Barreira, C., &amp; Valentim R. A. (2018). Conceções e práticas de supervisão pedagógica: Resultados Preliminares de um estudo em escolas portuguesas. In A. Carneiro-Barrera &amp; A. Díaz-Román (Coords.). <em>Avances en Ciencias de la Educación Y Del Desarrollo,</em> (pp. 872- 881). Universidad de Granada: Asociación Española de Psicología Conductual (AEPF). </p>



<p>Oliveira, I. (2018). Liderança(s) e a inovação tecnológica. In L. Grave, G. Bastos &amp; I. Oliveira (Orgs.), <em>Lideranças e inovação em contextos educativos</em> (pp. 21-41). Lisboa: Universidade Aberta, EaD e eLearning nº 4. <a href="http://hdl.handle.net/10400.2/7396" target="_blank" rel="noreferrer noopener">http://hdl.handle.net/10400.2/7396</a>&nbsp;</p>

Livros &amp; Capítulos Livros Barreira, C. &amp; Oliveira, I. (Eds.) (2021). Supervisão e desenvolvimento profissional docente. Coleção ebookLead. LE@D, Universidade Aberta, https://doi.org/10.34627/leadw.2021.2 Queiroga, L. C., Barreira, C., &amp; Oliveira, A. L. (2019). Supervisão Pedagógica e desempenho Docente. Lisboa: Chiado Books.  Oliveira, I. &amp; Henriques, S. (2017) (org.). Investigação ação em práticas de liderança educacional. Lisboa: [&hellip;]
