{"id":1989,"date":"2024-02-12T11:35:33","date_gmt":"2024-02-12T11:35:33","guid":{"rendered":"https:\/\/lead.uab.pt\/pleadon\/?page_id=1989"},"modified":"2024-02-12T11:35:33","modified_gmt":"2024-02-12T11:35:33","slug":"recursos-pedagogicos","status":"publish","type":"page","link":"https:\/\/lead.uab.pt\/pleadon\/recursos-pedagogicos\/","title":{"rendered":"Recursos Pedag\u00f3gicos"},"content":{"rendered":"\n<p><\/p>\n\n\n\n<p>No \u00e2mbito do Projeto foram criados e desenvolvidos um conjunto de recursos l\u00fadicos e pedag\u00f3gicos de apoio \u00e0s atividades de interven\u00e7\u00e3o e \u00e0 forma\u00e7\u00e3o.<\/p>\n","protected":false},"excerpt":{"rendered":"No \u00e2mbito do Projeto foram criados e desenvolvidos um conjunto de recursos l\u00fadicos e pedag\u00f3gicos de apoio \u00e0s atividades de interven\u00e7\u00e3o e \u00e0 forma\u00e7\u00e3o.","protected":false},"author":4,"featured_media":0,"parent":0,"menu_order":0,"comment_status":"closed","ping_status":"closed","template":"","meta":{"footnotes":""},"class_list":["post-1989","page","type-page","status-publish","hentry"],"_links":{"self":[{"href":"https:\/\/lead.uab.pt\/pleadon\/wp-json\/wp\/v2\/pages\/1989","targetHints":{"allow":["GET"]}}],"collection":[{"href":"https:\/\/lead.uab.pt\/pleadon\/wp-json\/wp\/v2\/pages"}],"about":[{"href":"https:\/\/lead.uab.pt\/pleadon\/wp-json\/wp\/v2\/types\/page"}],"author":[{"embeddable":true,"href":"https:\/\/lead.uab.pt\/pleadon\/wp-json\/wp\/v2\/users\/4"}],"replies":[{"embeddable":true,"href":"https:\/\/lead.uab.pt\/pleadon\/wp-json\/wp\/v2\/comments?post=1989"}],"version-history":[{"count":1,"href":"https:\/\/lead.uab.pt\/pleadon\/wp-json\/wp\/v2\/pages\/1989\/revisions"}],"predecessor-version":[{"id":1990,"href":"https:\/\/lead.uab.pt\/pleadon\/wp-json\/wp\/v2\/pages\/1989\/revisions\/1990"}],"wp:attachment":[{"href":"https:\/\/lead.uab.pt\/pleadon\/wp-json\/wp\/v2\/media?parent=1989"}],"curies":[{"name":"wp","href":"https:\/\/api.w.org\/{rel}","templated":true}]}}